{"id":15012,"date":"2023-03-14T11:51:26","date_gmt":"2023-03-14T09:51:26","guid":{"rendered":"https:\/\/xdsomename.tempurl.host\/swisspeak-website\/collection\/non%20class\u00e9\/sac-a-dos-weekend-extensible-en-rpet-aware-noir\/"},"modified":"2026-04-16T02:25:17","modified_gmt":"2026-04-16T00:25:17","slug":"sac-a-dos-weekend-extensible-en-rpet-aware-noir","status":"publish","type":"product","link":"https:\/\/swiss-peak.com\/fr\/produit\/sac-a-dos-weekend-extensible-en-rpet-aware-noir\/","title":{"rendered":"Sac \u00e0 dos weekend extensible en rPET AWARE\u2122, noir"},"content":{"rendered":"<p>Le sac \u00e0 dos week-end extensible Swiss Peak en rPET AWARE\u2122 permet de transporter votre ordinateur portable de 15,6 pouces dans un compartiment con\u00e7u pour un contr\u00f4le rapide et facile \u00e0 l&rsquo;a\u00e9roport. Son compartiment principal extensible augmente la capacit\u00e9 de plus de 35% pour les voyages plus longs. Les sangles de compression lat\u00e9rales s\u00e9curisent et stabilisent le contenu pour faciliter le transport. Rangements pour les chargeurs, les c\u00e2bles et autres \u00e9l\u00e9ments essentiels. Avec une sangle de transport. Avec traceur AWARE\u2122 qui valide l&rsquo;utilisation authentique de mat\u00e9riaux recycl\u00e9s. Chaque sac a r\u00e9utilis\u00e9 38,4 bouteilles PET de 0,5L. 2 % des recettes de chaque produit Impact vendu seront revers\u00e9s \u00e0 Water.org. Sans PVC.<\/p>\n","protected":false},"excerpt":{"rendered":"<p>Le sac \u00e0 dos week-end extensible Swiss Peak en rPET AWARE\u2122 permet de transporter votre ordinateur portable de 15,6 pouces dans un compartiment con\u00e7u pour un contr\u00f4le rapide et facile \u00e0 l&rsquo;a\u00e9roport. Son compartiment principal extensible augmente la capacit\u00e9 de plus de 35% pour les voyages plus longs. Les sangles de compression lat\u00e9rales s\u00e9curisent et [&hellip;]<\/p>\n","protected":false},"featured_media":46381,"template":"","meta":{"_acf_changed":false},"product_cat":[255,259,283],"product_tag":[],"class_list":["post-15012","product","type-product","status-publish","has-post-thumbnail","hentry","product_cat-sacs-voyage","product_cat-sacs-a-dos","product_cat-sacs-weekend","pa_color-black-fr"],"acf":[],"yoast_head":"<!-- This site is optimized with the Yoast SEO plugin v27.0 - https:\/\/yoast.com\/product\/yoast-seo-wordpress\/ -->\n<title>Sac \u00e0 dos weekend extensible en rPET AWARE\u2122, noir - Swiss Peak<\/title>\n<meta name=\"robots\" content=\"index, follow, max-snippet:-1, max-image-preview:large, max-video-preview:-1\" \/>\n<link rel=\"canonical\" href=\"https:\/\/swiss-peak.com\/fr\/produit\/sac-a-dos-weekend-extensible-en-rpet-aware-noir\/\" \/>\n<meta property=\"og:locale\" content=\"fr_FR\" \/>\n<meta property=\"og:type\" content=\"article\" \/>\n<meta property=\"og:title\" content=\"Sac \u00e0 dos weekend extensible en rPET AWARE\u2122, noir - Swiss Peak\" \/>\n<meta property=\"og:description\" content=\"Le sac \u00e0 dos week-end extensible Swiss Peak en rPET AWARE\u2122 permet de transporter votre ordinateur portable de 15,6 pouces dans un compartiment con\u00e7u pour un contr\u00f4le rapide et facile \u00e0 l&rsquo;a\u00e9roport. Son compartiment principal extensible augmente la capacit\u00e9 de plus de 35% pour les voyages plus longs. Les sangles de compression lat\u00e9rales s\u00e9curisent et [&hellip;]\" \/>\n<meta property=\"og:url\" content=\"https:\/\/swiss-peak.com\/fr\/produit\/sac-a-dos-weekend-extensible-en-rpet-aware-noir\/\" \/>\n<meta property=\"og:site_name\" content=\"Swiss Peak\" \/>\n<meta property=\"article:modified_time\" content=\"2026-04-16T00:25:17+00:00\" \/>\n<meta property=\"og:image\" content=\"https:\/\/swiss-peak.com\/wp-content\/uploads\/sites\/9\/2026\/04\/P762.791__S_0__ee4cb05dee13445587d3816c1b237608.jpg\" \/>\n\t<meta property=\"og:image:width\" content=\"1024\" \/>\n\t<meta property=\"og:image:height\" content=\"1024\" \/>\n\t<meta property=\"og:image:type\" content=\"image\/jpeg\" \/>\n<meta name=\"twitter:card\" content=\"summary_large_image\" \/>\n<meta name=\"twitter:label1\" content=\"Dur\u00e9e de lecture estim\u00e9e\" \/>\n\t<meta name=\"twitter:data1\" content=\"1 minute\" \/>\n<script type=\"application\/ld+json\" class=\"yoast-schema-graph\">{\"@context\":\"https:\/\/schema.org\",\"@graph\":[{\"@type\":\"WebPage\",\"@id\":\"https:\/\/swiss-peak.com\/fr\/produit\/sac-a-dos-weekend-extensible-en-rpet-aware-noir\/\",\"url\":\"https:\/\/swiss-peak.com\/fr\/produit\/sac-a-dos-weekend-extensible-en-rpet-aware-noir\/\",\"name\":\"Sac \u00e0 dos weekend extensible en rPET AWARE\u2122, noir - Swiss Peak\",\"isPartOf\":{\"@id\":\"https:\/\/swiss-peak.com\/fr\/#website\"},\"primaryImageOfPage\":{\"@id\":\"https:\/\/swiss-peak.com\/fr\/produit\/sac-a-dos-weekend-extensible-en-rpet-aware-noir\/#primaryimage\"},\"image\":{\"@id\":\"https:\/\/swiss-peak.com\/fr\/produit\/sac-a-dos-weekend-extensible-en-rpet-aware-noir\/#primaryimage\"},\"thumbnailUrl\":\"https:\/\/swiss-peak.com\/wp-content\/uploads\/sites\/9\/2026\/04\/P762.791__S_0__ee4cb05dee13445587d3816c1b237608.jpg\",\"datePublished\":\"2023-03-14T09:51:26+00:00\",\"dateModified\":\"2026-04-16T00:25:17+00:00\",\"breadcrumb\":{\"@id\":\"https:\/\/swiss-peak.com\/fr\/produit\/sac-a-dos-weekend-extensible-en-rpet-aware-noir\/#breadcrumb\"},\"inLanguage\":\"fr-FR\",\"potentialAction\":[{\"@type\":\"ReadAction\",\"target\":[\"https:\/\/swiss-peak.com\/fr\/produit\/sac-a-dos-weekend-extensible-en-rpet-aware-noir\/\"]}]},{\"@type\":\"ImageObject\",\"inLanguage\":\"fr-FR\",\"@id\":\"https:\/\/swiss-peak.com\/fr\/produit\/sac-a-dos-weekend-extensible-en-rpet-aware-noir\/#primaryimage\",\"url\":\"https:\/\/swiss-peak.com\/wp-content\/uploads\/sites\/9\/2026\/04\/P762.791__S_0__ee4cb05dee13445587d3816c1b237608.jpg\",\"contentUrl\":\"https:\/\/swiss-peak.com\/wp-content\/uploads\/sites\/9\/2026\/04\/P762.791__S_0__ee4cb05dee13445587d3816c1b237608.jpg\",\"width\":1024,\"height\":1024},{\"@type\":\"BreadcrumbList\",\"@id\":\"https:\/\/swiss-peak.com\/fr\/produit\/sac-a-dos-weekend-extensible-en-rpet-aware-noir\/#breadcrumb\",\"itemListElement\":[{\"@type\":\"ListItem\",\"position\":1,\"name\":\"Home\",\"item\":\"https:\/\/swiss-peak.com\/fr\/\"},{\"@type\":\"ListItem\",\"position\":2,\"name\":\"Collection\",\"item\":\"https:\/\/swiss-peak.com\/fr\/collection\/\"},{\"@type\":\"ListItem\",\"position\":3,\"name\":\"Sac \u00e0 dos weekend extensible en rPET AWARE\u2122, noir\"}]},{\"@type\":\"WebSite\",\"@id\":\"https:\/\/swiss-peak.com\/fr\/#website\",\"url\":\"https:\/\/swiss-peak.com\/fr\/\",\"name\":\"Swiss Peak\",\"description\":\"Where will today take you?\",\"potentialAction\":[{\"@type\":\"SearchAction\",\"target\":{\"@type\":\"EntryPoint\",\"urlTemplate\":\"https:\/\/swiss-peak.com\/fr\/?s={search_term_string}\"},\"query-input\":{\"@type\":\"PropertyValueSpecification\",\"valueRequired\":true,\"valueName\":\"search_term_string\"}}],\"inLanguage\":\"fr-FR\"}]}<\/script>\n<!-- \/ Yoast SEO plugin. -->","yoast_head_json":{"title":"Sac \u00e0 dos weekend extensible en rPET AWARE\u2122, noir - Swiss Peak","robots":{"index":"index","follow":"follow","max-snippet":"max-snippet:-1","max-image-preview":"max-image-preview:large","max-video-preview":"max-video-preview:-1"},"canonical":"https:\/\/swiss-peak.com\/fr\/produit\/sac-a-dos-weekend-extensible-en-rpet-aware-noir\/","og_locale":"fr_FR","og_type":"article","og_title":"Sac \u00e0 dos weekend extensible en rPET AWARE\u2122, noir - Swiss Peak","og_description":"Le sac \u00e0 dos week-end extensible Swiss Peak en rPET AWARE\u2122 permet de transporter votre ordinateur portable de 15,6 pouces dans un compartiment con\u00e7u pour un contr\u00f4le rapide et facile \u00e0 l&rsquo;a\u00e9roport. Son compartiment principal extensible augmente la capacit\u00e9 de plus de 35% pour les voyages plus longs. Les sangles de compression lat\u00e9rales s\u00e9curisent et [&hellip;]","og_url":"https:\/\/swiss-peak.com\/fr\/produit\/sac-a-dos-weekend-extensible-en-rpet-aware-noir\/","og_site_name":"Swiss Peak","article_modified_time":"2026-04-16T00:25:17+00:00","og_image":[{"width":1024,"height":1024,"url":"https:\/\/swiss-peak.com\/wp-content\/uploads\/sites\/9\/2026\/04\/P762.791__S_0__ee4cb05dee13445587d3816c1b237608.jpg","type":"image\/jpeg"}],"twitter_card":"summary_large_image","twitter_misc":{"Dur\u00e9e de lecture estim\u00e9e":"1 minute"},"schema":{"@context":"https:\/\/schema.org","@graph":[{"@type":"WebPage","@id":"https:\/\/swiss-peak.com\/fr\/produit\/sac-a-dos-weekend-extensible-en-rpet-aware-noir\/","url":"https:\/\/swiss-peak.com\/fr\/produit\/sac-a-dos-weekend-extensible-en-rpet-aware-noir\/","name":"Sac \u00e0 dos weekend extensible en rPET AWARE\u2122, noir - Swiss Peak","isPartOf":{"@id":"https:\/\/swiss-peak.com\/fr\/#website"},"primaryImageOfPage":{"@id":"https:\/\/swiss-peak.com\/fr\/produit\/sac-a-dos-weekend-extensible-en-rpet-aware-noir\/#primaryimage"},"image":{"@id":"https:\/\/swiss-peak.com\/fr\/produit\/sac-a-dos-weekend-extensible-en-rpet-aware-noir\/#primaryimage"},"thumbnailUrl":"https:\/\/swiss-peak.com\/wp-content\/uploads\/sites\/9\/2026\/04\/P762.791__S_0__ee4cb05dee13445587d3816c1b237608.jpg","datePublished":"2023-03-14T09:51:26+00:00","dateModified":"2026-04-16T00:25:17+00:00","breadcrumb":{"@id":"https:\/\/swiss-peak.com\/fr\/produit\/sac-a-dos-weekend-extensible-en-rpet-aware-noir\/#breadcrumb"},"inLanguage":"fr-FR","potentialAction":[{"@type":"ReadAction","target":["https:\/\/swiss-peak.com\/fr\/produit\/sac-a-dos-weekend-extensible-en-rpet-aware-noir\/"]}]},{"@type":"ImageObject","inLanguage":"fr-FR","@id":"https:\/\/swiss-peak.com\/fr\/produit\/sac-a-dos-weekend-extensible-en-rpet-aware-noir\/#primaryimage","url":"https:\/\/swiss-peak.com\/wp-content\/uploads\/sites\/9\/2026\/04\/P762.791__S_0__ee4cb05dee13445587d3816c1b237608.jpg","contentUrl":"https:\/\/swiss-peak.com\/wp-content\/uploads\/sites\/9\/2026\/04\/P762.791__S_0__ee4cb05dee13445587d3816c1b237608.jpg","width":1024,"height":1024},{"@type":"BreadcrumbList","@id":"https:\/\/swiss-peak.com\/fr\/produit\/sac-a-dos-weekend-extensible-en-rpet-aware-noir\/#breadcrumb","itemListElement":[{"@type":"ListItem","position":1,"name":"Home","item":"https:\/\/swiss-peak.com\/fr\/"},{"@type":"ListItem","position":2,"name":"Collection","item":"https:\/\/swiss-peak.com\/fr\/collection\/"},{"@type":"ListItem","position":3,"name":"Sac \u00e0 dos weekend extensible en rPET AWARE\u2122, noir"}]},{"@type":"WebSite","@id":"https:\/\/swiss-peak.com\/fr\/#website","url":"https:\/\/swiss-peak.com\/fr\/","name":"Swiss Peak","description":"Where will today take you?","potentialAction":[{"@type":"SearchAction","target":{"@type":"EntryPoint","urlTemplate":"https:\/\/swiss-peak.com\/fr\/?s={search_term_string}"},"query-input":{"@type":"PropertyValueSpecification","valueRequired":true,"valueName":"search_term_string"}}],"inLanguage":"fr-FR"}]}},"_links":{"self":[{"href":"https:\/\/swiss-peak.com\/fr\/wp-json\/wp\/v2\/product\/15012","targetHints":{"allow":["GET"]}}],"collection":[{"href":"https:\/\/swiss-peak.com\/fr\/wp-json\/wp\/v2\/product"}],"about":[{"href":"https:\/\/swiss-peak.com\/fr\/wp-json\/wp\/v2\/types\/product"}],"wp:featuredmedia":[{"embeddable":true,"href":"https:\/\/swiss-peak.com\/fr\/wp-json\/wp\/v2\/media\/46381"}],"wp:attachment":[{"href":"https:\/\/swiss-peak.com\/fr\/wp-json\/wp\/v2\/media?parent=15012"}],"wp:term":[{"taxonomy":"product_cat","embeddable":true,"href":"https:\/\/swiss-peak.com\/fr\/wp-json\/wp\/v2\/product_cat?post=15012"},{"taxonomy":"product_tag","embeddable":true,"href":"https:\/\/swiss-peak.com\/fr\/wp-json\/wp\/v2\/product_tag?post=15012"}],"curies":[{"name":"wp","href":"https:\/\/api.w.org\/{rel}","templated":true}]}}

https://xdsomename.tempurl.host/swisspeak-website/collection/non%20classé/sac-a-dos-weekend-extensible-en-rpet-aware-noir/

Sac à dos weekend extensible en rPET AWARE™, noir

<p>Le sac à dos week-end extensible Swiss Peak en rPET AWARE™ permet de transporter votre ordinateur portable de 15,6 pouces dans un compartiment conçu pour un contrôle rapide et facile à l&rsquo;aéroport. Son compartiment principal extensible augmente la capacité de plus de 35% pour les voyages plus longs. Les sangles de compression latérales sécurisent et stabilisent le contenu pour faciliter le transport. Rangements pour les chargeurs, les câbles et autres éléments essentiels. Avec une sangle de transport. Avec traceur AWARE™ qui valide l&rsquo;utilisation authentique de matériaux recyclés. Chaque sac a réutilisé 38,4 bouteilles PET de 0,5L. 2 % des recettes de chaque produit Impact vendu seront reversés à Water.org. Sans PVC.</p>

<p>Le sac à dos week-end extensible Swiss Peak en rPET AWARE™ permet de transporter votre ordinateur portable de 15,6 pouces dans un compartiment conçu pour un contrôle rapide et facile à l&rsquo;aéroport. Son compartiment principal extensible augmente la capacité de plus de 35% pour les voyages plus longs. Les sangles de compression latérales sécurisent et [&hellip;]</p>

<!-- This site is optimized with the Yoast SEO plugin v27.0 - https://yoast.com/product/yoast-seo-wordpress/ -->
<title>Sac à dos weekend extensible en rPET AWARE™, noir - Swiss Peak</title>
<meta name="robots" content="index, follow, max-snippet:-1, max-image-preview:large, max-video-preview:-1" />
<link rel="canonical" href="https://swiss-peak.com/fr/produit/sac-a-dos-weekend-extensible-en-rpet-aware-noir/" />
<meta property="og:locale" content="fr_FR" />
<meta property="og:type" content="article" />
<meta property="og:title" content="Sac à dos weekend extensible en rPET AWARE™, noir - Swiss Peak" />
<meta property="og:description" content="Le sac à dos week-end extensible Swiss Peak en rPET AWARE™ permet de transporter votre ordinateur portable de 15,6 pouces dans un compartiment conçu pour un contrôle rapide et facile à l&rsquo;aéroport. Son compartiment principal extensible augmente la capacité de plus de 35% pour les voyages plus longs. Les sangles de compression latérales sécurisent et [&hellip;]" />
<meta property="og:url" content="https://swiss-peak.com/fr/produit/sac-a-dos-weekend-extensible-en-rpet-aware-noir/" />
<meta property="og:site_name" content="Swiss Peak" />
<meta property="article:modified_time" content="2026-04-16T00:25:17+00:00" />
<meta property="og:image" content="https://swiss-peak.com/wp-content/uploads/sites/9/2026/04/P762.791__S_0__ee4cb05dee13445587d3816c1b237608.jpg" />
	<meta property="og:image:width" content="1024" />
	<meta property="og:image:height" content="1024" />
	<meta property="og:image:type" content="image/jpeg" />
<meta name="twitter:card" content="summary_large_image" />
<meta name="twitter:label1" content="Durée de lecture estimée" />
	<meta name="twitter:data1" content="1 minute" />
<script type="application/ld+json" class="yoast-schema-graph">{"@context":"https://schema.org","@graph":[{"@type":"WebPage","@id":"https://swiss-peak.com/fr/produit/sac-a-dos-weekend-extensible-en-rpet-aware-noir/","url":"https://swiss-peak.com/fr/produit/sac-a-dos-weekend-extensible-en-rpet-aware-noir/","name":"Sac à dos weekend extensible en rPET AWARE™, noir - Swiss Peak","isPartOf":{"@id":"https://swiss-peak.com/fr/#website"},"primaryImageOfPage":{"@id":"https://swiss-peak.com/fr/produit/sac-a-dos-weekend-extensible-en-rpet-aware-noir/#primaryimage"},"image":{"@id":"https://swiss-peak.com/fr/produit/sac-a-dos-weekend-extensible-en-rpet-aware-noir/#primaryimage"},"thumbnailUrl":"https://swiss-peak.com/wp-content/uploads/sites/9/2026/04/P762.791__S_0__ee4cb05dee13445587d3816c1b237608.jpg","datePublished":"2023-03-14T09:51:26+00:00","dateModified":"2026-04-16T00:25:17+00:00","breadcrumb":{"@id":"https://swiss-peak.com/fr/produit/sac-a-dos-weekend-extensible-en-rpet-aware-noir/#breadcrumb"},"inLanguage":"fr-FR","potentialAction":[{"@type":"ReadAction","target":["https://swiss-peak.com/fr/produit/sac-a-dos-weekend-extensible-en-rpet-aware-noir/"]}]},{"@type":"ImageObject","inLanguage":"fr-FR","@id":"https://swiss-peak.com/fr/produit/sac-a-dos-weekend-extensible-en-rpet-aware-noir/#primaryimage","url":"https://swiss-peak.com/wp-content/uploads/sites/9/2026/04/P762.791__S_0__ee4cb05dee13445587d3816c1b237608.jpg","contentUrl":"https://swiss-peak.com/wp-content/uploads/sites/9/2026/04/P762.791__S_0__ee4cb05dee13445587d3816c1b237608.jpg","width":1024,"height":1024},{"@type":"BreadcrumbList","@id":"https://swiss-peak.com/fr/produit/sac-a-dos-weekend-extensible-en-rpet-aware-noir/#breadcrumb","itemListElement":[{"@type":"ListItem","position":1,"name":"Home","item":"https://swiss-peak.com/fr/"},{"@type":"ListItem","position":2,"name":"Collection","item":"https://swiss-peak.com/fr/collection/"},{"@type":"ListItem","position":3,"name":"Sac à dos weekend extensible en rPET AWARE™, noir"}]},{"@type":"WebSite","@id":"https://swiss-peak.com/fr/#website","url":"https://swiss-peak.com/fr/","name":"Swiss Peak","description":"Where will today take you?","potentialAction":[{"@type":"SearchAction","target":{"@type":"EntryPoint","urlTemplate":"https://swiss-peak.com/fr/?s={search_term_string}"},"query-input":{"@type":"PropertyValueSpecification","valueRequired":true,"valueName":"search_term_string"}}],"inLanguage":"fr-FR"}]}</script>
<!-- / Yoast SEO plugin. -->

Sac à dos weekend extensible en rPET AWARE™, noir - Swiss Peak

Le sac à dos week-end extensible Swiss Peak en rPET AWARE™ permet de transporter votre ordinateur portable de 15,6 pouces dans un compartiment conçu pour un contrôle rapide et facile à l&rsquo;aéroport. Son compartiment principal extensible augmente la capacité de plus de 35% pour les voyages plus longs. Les sangles de compression latérales sécurisent et [&hellip;]
