{"id":14988,"date":"2023-03-14T11:50:20","date_gmt":"2023-03-14T09:50:20","guid":{"rendered":"https:\/\/xdsomename.tempurl.host\/swisspeak-website\/collection\/non%20class\u00e9\/sac-pour-ordinateur-portable-15-4-noir\/"},"modified":"2026-04-16T02:24:34","modified_gmt":"2026-04-16T00:24:34","slug":"sac-pour-ordinateur-portable-15-4-noir","status":"publish","type":"product","link":"https:\/\/swiss-peak.com\/fr\/produit\/sac-pour-ordinateur-portable-15-4-noir\/","title":{"rendered":"Sac pour ordinateur portable 15.4\u201d, noir"},"content":{"rendered":"<p>Sac ordinateur fin 600D et 1680D avec une poche rembourr\u00e9e pour ordinateur portable 15,4\u00a0\u00bb, une poche s\u00e9par\u00e9e pour tablette ou iPad, et une poche frontale organiseur comprenant pochettes et porte-stylos pour garder tous vos petits objets. L\u2019ouverture sp\u00e9ciale au dos permet de glisser le sac autour des poign\u00e9es d\u2019un trolley. Possibilit\u00e9 de porter le sac de diff\u00e9rentes mani\u00e8res gr\u00e2ce \u00e0 la bandouli\u00e8re r\u00e9glable et d\u00e9tachable. Sans PVC.<\/p>\n","protected":false},"excerpt":{"rendered":"<p>Sac ordinateur fin 600D et 1680D avec une poche rembourr\u00e9e pour ordinateur portable 15,4\u00a0\u00bb, une poche s\u00e9par\u00e9e pour tablette ou iPad, et une poche frontale organiseur comprenant pochettes et porte-stylos pour garder tous vos petits objets. L\u2019ouverture sp\u00e9ciale au dos permet de glisser le sac autour des poign\u00e9es d\u2019un trolley. Possibilit\u00e9 de porter le sac [&hellip;]<\/p>\n","protected":false},"featured_media":46297,"template":"","meta":{"_acf_changed":false},"product_cat":[287,291],"product_tag":[],"class_list":["post-14988","product","type-product","status-publish","has-post-thumbnail","hentry","product_cat-business-fr","product_cat-sacs-ordinateurs-portable","pa_color-black-fr"],"acf":[],"yoast_head":"<!-- This site is optimized with the Yoast SEO plugin v27.0 - https:\/\/yoast.com\/product\/yoast-seo-wordpress\/ -->\n<title>Sac pour ordinateur portable 15.4\u201d, noir - Swiss Peak<\/title>\n<meta name=\"robots\" content=\"index, follow, max-snippet:-1, max-image-preview:large, max-video-preview:-1\" \/>\n<link rel=\"canonical\" href=\"https:\/\/swiss-peak.com\/fr\/produit\/sac-pour-ordinateur-portable-15-4-noir\/\" \/>\n<meta property=\"og:locale\" content=\"fr_FR\" \/>\n<meta property=\"og:type\" content=\"article\" \/>\n<meta property=\"og:title\" content=\"Sac pour ordinateur portable 15.4\u201d, noir - Swiss Peak\" \/>\n<meta property=\"og:description\" content=\"Sac ordinateur fin 600D et 1680D avec une poche rembourr\u00e9e pour ordinateur portable 15,4\u00a0\u00bb, une poche s\u00e9par\u00e9e pour tablette ou iPad, et une poche frontale organiseur comprenant pochettes et porte-stylos pour garder tous vos petits objets. L\u2019ouverture sp\u00e9ciale au dos permet de glisser le sac autour des poign\u00e9es d\u2019un trolley. Possibilit\u00e9 de porter le sac [&hellip;]\" \/>\n<meta property=\"og:url\" content=\"https:\/\/swiss-peak.com\/fr\/produit\/sac-pour-ordinateur-portable-15-4-noir\/\" \/>\n<meta property=\"og:site_name\" content=\"Swiss Peak\" \/>\n<meta property=\"article:modified_time\" content=\"2026-04-16T00:24:34+00:00\" \/>\n<meta property=\"og:image\" content=\"https:\/\/swiss-peak.com\/wp-content\/uploads\/sites\/9\/2026\/04\/P732.210__S_0__68a5a4536f9d4ccabaf9867aa3cadcc5.jpg\" \/>\n\t<meta property=\"og:image:width\" content=\"1024\" \/>\n\t<meta property=\"og:image:height\" content=\"1024\" \/>\n\t<meta property=\"og:image:type\" content=\"image\/jpeg\" \/>\n<meta name=\"twitter:card\" content=\"summary_large_image\" \/>\n<script type=\"application\/ld+json\" class=\"yoast-schema-graph\">{\"@context\":\"https:\/\/schema.org\",\"@graph\":[{\"@type\":\"WebPage\",\"@id\":\"https:\/\/swiss-peak.com\/fr\/produit\/sac-pour-ordinateur-portable-15-4-noir\/\",\"url\":\"https:\/\/swiss-peak.com\/fr\/produit\/sac-pour-ordinateur-portable-15-4-noir\/\",\"name\":\"Sac pour ordinateur portable 15.4\u201d, noir - Swiss Peak\",\"isPartOf\":{\"@id\":\"https:\/\/swiss-peak.com\/fr\/#website\"},\"primaryImageOfPage\":{\"@id\":\"https:\/\/swiss-peak.com\/fr\/produit\/sac-pour-ordinateur-portable-15-4-noir\/#primaryimage\"},\"image\":{\"@id\":\"https:\/\/swiss-peak.com\/fr\/produit\/sac-pour-ordinateur-portable-15-4-noir\/#primaryimage\"},\"thumbnailUrl\":\"https:\/\/swiss-peak.com\/wp-content\/uploads\/sites\/9\/2026\/04\/P732.210__S_0__68a5a4536f9d4ccabaf9867aa3cadcc5.jpg\",\"datePublished\":\"2023-03-14T09:50:20+00:00\",\"dateModified\":\"2026-04-16T00:24:34+00:00\",\"breadcrumb\":{\"@id\":\"https:\/\/swiss-peak.com\/fr\/produit\/sac-pour-ordinateur-portable-15-4-noir\/#breadcrumb\"},\"inLanguage\":\"fr-FR\",\"potentialAction\":[{\"@type\":\"ReadAction\",\"target\":[\"https:\/\/swiss-peak.com\/fr\/produit\/sac-pour-ordinateur-portable-15-4-noir\/\"]}]},{\"@type\":\"ImageObject\",\"inLanguage\":\"fr-FR\",\"@id\":\"https:\/\/swiss-peak.com\/fr\/produit\/sac-pour-ordinateur-portable-15-4-noir\/#primaryimage\",\"url\":\"https:\/\/swiss-peak.com\/wp-content\/uploads\/sites\/9\/2026\/04\/P732.210__S_0__68a5a4536f9d4ccabaf9867aa3cadcc5.jpg\",\"contentUrl\":\"https:\/\/swiss-peak.com\/wp-content\/uploads\/sites\/9\/2026\/04\/P732.210__S_0__68a5a4536f9d4ccabaf9867aa3cadcc5.jpg\",\"width\":1024,\"height\":1024},{\"@type\":\"BreadcrumbList\",\"@id\":\"https:\/\/swiss-peak.com\/fr\/produit\/sac-pour-ordinateur-portable-15-4-noir\/#breadcrumb\",\"itemListElement\":[{\"@type\":\"ListItem\",\"position\":1,\"name\":\"Home\",\"item\":\"https:\/\/swiss-peak.com\/fr\/\"},{\"@type\":\"ListItem\",\"position\":2,\"name\":\"Collection\",\"item\":\"https:\/\/swiss-peak.com\/fr\/collection\/\"},{\"@type\":\"ListItem\",\"position\":3,\"name\":\"Sac pour ordinateur portable 15.4\u201d, noir\"}]},{\"@type\":\"WebSite\",\"@id\":\"https:\/\/swiss-peak.com\/fr\/#website\",\"url\":\"https:\/\/swiss-peak.com\/fr\/\",\"name\":\"Swiss Peak\",\"description\":\"Where will today take you?\",\"potentialAction\":[{\"@type\":\"SearchAction\",\"target\":{\"@type\":\"EntryPoint\",\"urlTemplate\":\"https:\/\/swiss-peak.com\/fr\/?s={search_term_string}\"},\"query-input\":{\"@type\":\"PropertyValueSpecification\",\"valueRequired\":true,\"valueName\":\"search_term_string\"}}],\"inLanguage\":\"fr-FR\"}]}<\/script>\n<!-- \/ Yoast SEO plugin. -->","yoast_head_json":{"title":"Sac pour ordinateur portable 15.4\u201d, noir - Swiss Peak","robots":{"index":"index","follow":"follow","max-snippet":"max-snippet:-1","max-image-preview":"max-image-preview:large","max-video-preview":"max-video-preview:-1"},"canonical":"https:\/\/swiss-peak.com\/fr\/produit\/sac-pour-ordinateur-portable-15-4-noir\/","og_locale":"fr_FR","og_type":"article","og_title":"Sac pour ordinateur portable 15.4\u201d, noir - Swiss Peak","og_description":"Sac ordinateur fin 600D et 1680D avec une poche rembourr\u00e9e pour ordinateur portable 15,4\u00a0\u00bb, une poche s\u00e9par\u00e9e pour tablette ou iPad, et une poche frontale organiseur comprenant pochettes et porte-stylos pour garder tous vos petits objets. L\u2019ouverture sp\u00e9ciale au dos permet de glisser le sac autour des poign\u00e9es d\u2019un trolley. Possibilit\u00e9 de porter le sac [&hellip;]","og_url":"https:\/\/swiss-peak.com\/fr\/produit\/sac-pour-ordinateur-portable-15-4-noir\/","og_site_name":"Swiss Peak","article_modified_time":"2026-04-16T00:24:34+00:00","og_image":[{"width":1024,"height":1024,"url":"https:\/\/swiss-peak.com\/wp-content\/uploads\/sites\/9\/2026\/04\/P732.210__S_0__68a5a4536f9d4ccabaf9867aa3cadcc5.jpg","type":"image\/jpeg"}],"twitter_card":"summary_large_image","schema":{"@context":"https:\/\/schema.org","@graph":[{"@type":"WebPage","@id":"https:\/\/swiss-peak.com\/fr\/produit\/sac-pour-ordinateur-portable-15-4-noir\/","url":"https:\/\/swiss-peak.com\/fr\/produit\/sac-pour-ordinateur-portable-15-4-noir\/","name":"Sac pour ordinateur portable 15.4\u201d, noir - Swiss Peak","isPartOf":{"@id":"https:\/\/swiss-peak.com\/fr\/#website"},"primaryImageOfPage":{"@id":"https:\/\/swiss-peak.com\/fr\/produit\/sac-pour-ordinateur-portable-15-4-noir\/#primaryimage"},"image":{"@id":"https:\/\/swiss-peak.com\/fr\/produit\/sac-pour-ordinateur-portable-15-4-noir\/#primaryimage"},"thumbnailUrl":"https:\/\/swiss-peak.com\/wp-content\/uploads\/sites\/9\/2026\/04\/P732.210__S_0__68a5a4536f9d4ccabaf9867aa3cadcc5.jpg","datePublished":"2023-03-14T09:50:20+00:00","dateModified":"2026-04-16T00:24:34+00:00","breadcrumb":{"@id":"https:\/\/swiss-peak.com\/fr\/produit\/sac-pour-ordinateur-portable-15-4-noir\/#breadcrumb"},"inLanguage":"fr-FR","potentialAction":[{"@type":"ReadAction","target":["https:\/\/swiss-peak.com\/fr\/produit\/sac-pour-ordinateur-portable-15-4-noir\/"]}]},{"@type":"ImageObject","inLanguage":"fr-FR","@id":"https:\/\/swiss-peak.com\/fr\/produit\/sac-pour-ordinateur-portable-15-4-noir\/#primaryimage","url":"https:\/\/swiss-peak.com\/wp-content\/uploads\/sites\/9\/2026\/04\/P732.210__S_0__68a5a4536f9d4ccabaf9867aa3cadcc5.jpg","contentUrl":"https:\/\/swiss-peak.com\/wp-content\/uploads\/sites\/9\/2026\/04\/P732.210__S_0__68a5a4536f9d4ccabaf9867aa3cadcc5.jpg","width":1024,"height":1024},{"@type":"BreadcrumbList","@id":"https:\/\/swiss-peak.com\/fr\/produit\/sac-pour-ordinateur-portable-15-4-noir\/#breadcrumb","itemListElement":[{"@type":"ListItem","position":1,"name":"Home","item":"https:\/\/swiss-peak.com\/fr\/"},{"@type":"ListItem","position":2,"name":"Collection","item":"https:\/\/swiss-peak.com\/fr\/collection\/"},{"@type":"ListItem","position":3,"name":"Sac pour ordinateur portable 15.4\u201d, noir"}]},{"@type":"WebSite","@id":"https:\/\/swiss-peak.com\/fr\/#website","url":"https:\/\/swiss-peak.com\/fr\/","name":"Swiss Peak","description":"Where will today take you?","potentialAction":[{"@type":"SearchAction","target":{"@type":"EntryPoint","urlTemplate":"https:\/\/swiss-peak.com\/fr\/?s={search_term_string}"},"query-input":{"@type":"PropertyValueSpecification","valueRequired":true,"valueName":"search_term_string"}}],"inLanguage":"fr-FR"}]}},"_links":{"self":[{"href":"https:\/\/swiss-peak.com\/fr\/wp-json\/wp\/v2\/product\/14988","targetHints":{"allow":["GET"]}}],"collection":[{"href":"https:\/\/swiss-peak.com\/fr\/wp-json\/wp\/v2\/product"}],"about":[{"href":"https:\/\/swiss-peak.com\/fr\/wp-json\/wp\/v2\/types\/product"}],"wp:featuredmedia":[{"embeddable":true,"href":"https:\/\/swiss-peak.com\/fr\/wp-json\/wp\/v2\/media\/46297"}],"wp:attachment":[{"href":"https:\/\/swiss-peak.com\/fr\/wp-json\/wp\/v2\/media?parent=14988"}],"wp:term":[{"taxonomy":"product_cat","embeddable":true,"href":"https:\/\/swiss-peak.com\/fr\/wp-json\/wp\/v2\/product_cat?post=14988"},{"taxonomy":"product_tag","embeddable":true,"href":"https:\/\/swiss-peak.com\/fr\/wp-json\/wp\/v2\/product_tag?post=14988"}],"curies":[{"name":"wp","href":"https:\/\/api.w.org\/{rel}","templated":true}]}}

https://xdsomename.tempurl.host/swisspeak-website/collection/non%20classé/sac-pour-ordinateur-portable-15-4-noir/

<p>Sac ordinateur fin 600D et 1680D avec une poche rembourrée pour ordinateur portable 15,4 », une poche séparée pour tablette ou iPad, et une poche frontale organiseur comprenant pochettes et porte-stylos pour garder tous vos petits objets. L’ouverture spéciale au dos permet de glisser le sac autour des poignées d’un trolley. Possibilité de porter le sac de différentes manières grâce à la bandoulière réglable et détachable. Sans PVC.</p>

<p>Sac ordinateur fin 600D et 1680D avec une poche rembourrée pour ordinateur portable 15,4 », une poche séparée pour tablette ou iPad, et une poche frontale organiseur comprenant pochettes et porte-stylos pour garder tous vos petits objets. L’ouverture spéciale au dos permet de glisser le sac autour des poignées d’un trolley. Possibilité de porter le sac [&hellip;]</p>

<!-- This site is optimized with the Yoast SEO plugin v27.0 - https://yoast.com/product/yoast-seo-wordpress/ -->
<title>Sac pour ordinateur portable 15.4”, noir - Swiss Peak</title>
<meta name="robots" content="index, follow, max-snippet:-1, max-image-preview:large, max-video-preview:-1" />
<link rel="canonical" href="https://swiss-peak.com/fr/produit/sac-pour-ordinateur-portable-15-4-noir/" />
<meta property="og:locale" content="fr_FR" />
<meta property="og:type" content="article" />
<meta property="og:title" content="Sac pour ordinateur portable 15.4”, noir - Swiss Peak" />
<meta property="og:description" content="Sac ordinateur fin 600D et 1680D avec une poche rembourrée pour ordinateur portable 15,4 », une poche séparée pour tablette ou iPad, et une poche frontale organiseur comprenant pochettes et porte-stylos pour garder tous vos petits objets. L’ouverture spéciale au dos permet de glisser le sac autour des poignées d’un trolley. Possibilité de porter le sac [&hellip;]" />
<meta property="og:url" content="https://swiss-peak.com/fr/produit/sac-pour-ordinateur-portable-15-4-noir/" />
<meta property="og:site_name" content="Swiss Peak" />
<meta property="article:modified_time" content="2026-04-16T00:24:34+00:00" />
<meta property="og:image" content="https://swiss-peak.com/wp-content/uploads/sites/9/2026/04/P732.210__S_0__68a5a4536f9d4ccabaf9867aa3cadcc5.jpg" />
	<meta property="og:image:width" content="1024" />
	<meta property="og:image:height" content="1024" />
	<meta property="og:image:type" content="image/jpeg" />
<meta name="twitter:card" content="summary_large_image" />
<script type="application/ld+json" class="yoast-schema-graph">{"@context":"https://schema.org","@graph":[{"@type":"WebPage","@id":"https://swiss-peak.com/fr/produit/sac-pour-ordinateur-portable-15-4-noir/","url":"https://swiss-peak.com/fr/produit/sac-pour-ordinateur-portable-15-4-noir/","name":"Sac pour ordinateur portable 15.4”, noir - Swiss Peak","isPartOf":{"@id":"https://swiss-peak.com/fr/#website"},"primaryImageOfPage":{"@id":"https://swiss-peak.com/fr/produit/sac-pour-ordinateur-portable-15-4-noir/#primaryimage"},"image":{"@id":"https://swiss-peak.com/fr/produit/sac-pour-ordinateur-portable-15-4-noir/#primaryimage"},"thumbnailUrl":"https://swiss-peak.com/wp-content/uploads/sites/9/2026/04/P732.210__S_0__68a5a4536f9d4ccabaf9867aa3cadcc5.jpg","datePublished":"2023-03-14T09:50:20+00:00","dateModified":"2026-04-16T00:24:34+00:00","breadcrumb":{"@id":"https://swiss-peak.com/fr/produit/sac-pour-ordinateur-portable-15-4-noir/#breadcrumb"},"inLanguage":"fr-FR","potentialAction":[{"@type":"ReadAction","target":["https://swiss-peak.com/fr/produit/sac-pour-ordinateur-portable-15-4-noir/"]}]},{"@type":"ImageObject","inLanguage":"fr-FR","@id":"https://swiss-peak.com/fr/produit/sac-pour-ordinateur-portable-15-4-noir/#primaryimage","url":"https://swiss-peak.com/wp-content/uploads/sites/9/2026/04/P732.210__S_0__68a5a4536f9d4ccabaf9867aa3cadcc5.jpg","contentUrl":"https://swiss-peak.com/wp-content/uploads/sites/9/2026/04/P732.210__S_0__68a5a4536f9d4ccabaf9867aa3cadcc5.jpg","width":1024,"height":1024},{"@type":"BreadcrumbList","@id":"https://swiss-peak.com/fr/produit/sac-pour-ordinateur-portable-15-4-noir/#breadcrumb","itemListElement":[{"@type":"ListItem","position":1,"name":"Home","item":"https://swiss-peak.com/fr/"},{"@type":"ListItem","position":2,"name":"Collection","item":"https://swiss-peak.com/fr/collection/"},{"@type":"ListItem","position":3,"name":"Sac pour ordinateur portable 15.4”, noir"}]},{"@type":"WebSite","@id":"https://swiss-peak.com/fr/#website","url":"https://swiss-peak.com/fr/","name":"Swiss Peak","description":"Where will today take you?","potentialAction":[{"@type":"SearchAction","target":{"@type":"EntryPoint","urlTemplate":"https://swiss-peak.com/fr/?s={search_term_string}"},"query-input":{"@type":"PropertyValueSpecification","valueRequired":true,"valueName":"search_term_string"}}],"inLanguage":"fr-FR"}]}</script>
<!-- / Yoast SEO plugin. -->

Sac ordinateur fin 600D et 1680D avec une poche rembourrée pour ordinateur portable 15,4 », une poche séparée pour tablette ou iPad, et une poche frontale organiseur comprenant pochettes et porte-stylos pour garder tous vos petits objets. L’ouverture spéciale au dos permet de glisser le sac autour des poignées d’un trolley. Possibilité de porter le sac [&hellip;]
