{"id":15261,"date":"2023-03-14T12:02:14","date_gmt":"2023-03-14T10:02:14","guid":{"rendered":"https:\/\/xdsomename.tempurl.host\/swisspeak-website\/collection\/sin%20categor\u00eda\/gafas-de-sol-polarizadas-de-plastico-rcs-negro\/"},"modified":"2026-04-16T03:01:09","modified_gmt":"2026-04-16T01:01:09","slug":"gafas-de-sol-polarizadas-de-plastico-rcs-negro","status":"publish","type":"product","link":"https:\/\/swiss-peak.com\/es\/producto\/gafas-de-sol-polarizadas-de-plastico-rcs-negro\/","title":{"rendered":"Gafas de sol polarizadas de pl\u00e1stico RCS, negro"},"content":{"rendered":"<p>Gafas de sol polarizadas de lujo hechas con marco de PC reciclado certificado RCS y patillas de aluminio. Contenido reciclado total: 37% basado en el peso total del art\u00edculo. La certificaci\u00f3n RCS garantiza una cadena de suministro completamente certificada de los materiales reciclados. Incluye funda de RPET reciclado certificado por GRS para guardar las gafas. Las lentes est\u00e1n polarizadas, lo que elimina la luz solar reflejada,  as\u00ed las hace ideales para conducir un autom\u00f3vil o durante otras actividades al aire libre soleadas en verano o invierno. Cumple EN ISO 12312-1, UV 400 y CAT 3. Presentado en un embalaje de regalo FSC\u00ae.<\/p>\n","protected":false},"excerpt":{"rendered":"<p>Gafas de sol polarizadas de lujo hechas con marco de PC reciclado certificado RCS y patillas de aluminio. Contenido reciclado total: 37% basado en el peso total del art\u00edculo. La certificaci\u00f3n RCS garantiza una cadena de suministro completamente certificada de los materiales reciclados. Incluye funda de RPET reciclado certificado por GRS para guardar las gafas. [&hellip;]<\/p>\n","protected":false},"featured_media":46202,"template":"","meta":{"_acf_changed":false},"product_cat":[275,254],"product_tag":[],"class_list":["post-15261","product","type-product","status-publish","has-post-thumbnail","hentry","product_cat-accesorios-de-viaje","product_cat-bolsas-viaje","pa_color-black-es"],"acf":[],"yoast_head":"<!-- This site is optimized with the Yoast SEO plugin v27.0 - https:\/\/yoast.com\/product\/yoast-seo-wordpress\/ -->\n<title>Gafas de sol polarizadas de pl\u00e1stico RCS, negro - Swiss Peak<\/title>\n<meta name=\"robots\" content=\"index, follow, max-snippet:-1, max-image-preview:large, max-video-preview:-1\" \/>\n<link rel=\"canonical\" href=\"https:\/\/swiss-peak.com\/es\/producto\/gafas-de-sol-polarizadas-de-plastico-rcs-negro\/\" \/>\n<meta property=\"og:locale\" content=\"es_ES\" \/>\n<meta property=\"og:type\" content=\"article\" \/>\n<meta property=\"og:title\" content=\"Gafas de sol polarizadas de pl\u00e1stico RCS, negro - Swiss Peak\" \/>\n<meta property=\"og:description\" content=\"Gafas de sol polarizadas de lujo hechas con marco de PC reciclado certificado RCS y patillas de aluminio. Contenido reciclado total: 37% basado en el peso total del art\u00edculo. La certificaci\u00f3n RCS garantiza una cadena de suministro completamente certificada de los materiales reciclados. Incluye funda de RPET reciclado certificado por GRS para guardar las gafas. [&hellip;]\" \/>\n<meta property=\"og:url\" content=\"https:\/\/swiss-peak.com\/es\/producto\/gafas-de-sol-polarizadas-de-plastico-rcs-negro\/\" \/>\n<meta property=\"og:site_name\" content=\"Swiss Peak\" \/>\n<meta property=\"article:modified_time\" content=\"2026-04-16T01:01:09+00:00\" \/>\n<meta property=\"og:image\" content=\"https:\/\/swiss-peak.com\/wp-content\/uploads\/sites\/9\/2026\/04\/P453.981__S_0__7c57f23d28ae47a0a1b7f2e1ff17f687.jpg\" \/>\n\t<meta property=\"og:image:width\" content=\"1024\" \/>\n\t<meta property=\"og:image:height\" content=\"1024\" \/>\n\t<meta property=\"og:image:type\" content=\"image\/jpeg\" \/>\n<meta name=\"twitter:card\" content=\"summary_large_image\" \/>\n<meta name=\"twitter:label1\" content=\"Tiempo de lectura\" \/>\n\t<meta name=\"twitter:data1\" content=\"1 minuto\" \/>\n<script type=\"application\/ld+json\" class=\"yoast-schema-graph\">{\"@context\":\"https:\/\/schema.org\",\"@graph\":[{\"@type\":\"WebPage\",\"@id\":\"https:\/\/swiss-peak.com\/es\/producto\/gafas-de-sol-polarizadas-de-plastico-rcs-negro\/\",\"url\":\"https:\/\/swiss-peak.com\/es\/producto\/gafas-de-sol-polarizadas-de-plastico-rcs-negro\/\",\"name\":\"Gafas de sol polarizadas de pl\u00e1stico RCS, negro - Swiss Peak\",\"isPartOf\":{\"@id\":\"https:\/\/swiss-peak.com\/es\/#website\"},\"primaryImageOfPage\":{\"@id\":\"https:\/\/swiss-peak.com\/es\/producto\/gafas-de-sol-polarizadas-de-plastico-rcs-negro\/#primaryimage\"},\"image\":{\"@id\":\"https:\/\/swiss-peak.com\/es\/producto\/gafas-de-sol-polarizadas-de-plastico-rcs-negro\/#primaryimage\"},\"thumbnailUrl\":\"https:\/\/swiss-peak.com\/wp-content\/uploads\/sites\/9\/2026\/04\/P453.981__S_0__7c57f23d28ae47a0a1b7f2e1ff17f687.jpg\",\"datePublished\":\"2023-03-14T10:02:14+00:00\",\"dateModified\":\"2026-04-16T01:01:09+00:00\",\"breadcrumb\":{\"@id\":\"https:\/\/swiss-peak.com\/es\/producto\/gafas-de-sol-polarizadas-de-plastico-rcs-negro\/#breadcrumb\"},\"inLanguage\":\"es\",\"potentialAction\":[{\"@type\":\"ReadAction\",\"target\":[\"https:\/\/swiss-peak.com\/es\/producto\/gafas-de-sol-polarizadas-de-plastico-rcs-negro\/\"]}]},{\"@type\":\"ImageObject\",\"inLanguage\":\"es\",\"@id\":\"https:\/\/swiss-peak.com\/es\/producto\/gafas-de-sol-polarizadas-de-plastico-rcs-negro\/#primaryimage\",\"url\":\"https:\/\/swiss-peak.com\/wp-content\/uploads\/sites\/9\/2026\/04\/P453.981__S_0__7c57f23d28ae47a0a1b7f2e1ff17f687.jpg\",\"contentUrl\":\"https:\/\/swiss-peak.com\/wp-content\/uploads\/sites\/9\/2026\/04\/P453.981__S_0__7c57f23d28ae47a0a1b7f2e1ff17f687.jpg\",\"width\":1024,\"height\":1024},{\"@type\":\"BreadcrumbList\",\"@id\":\"https:\/\/swiss-peak.com\/es\/producto\/gafas-de-sol-polarizadas-de-plastico-rcs-negro\/#breadcrumb\",\"itemListElement\":[{\"@type\":\"ListItem\",\"position\":1,\"name\":\"Home\",\"item\":\"https:\/\/swiss-peak.com\/es\/\"},{\"@type\":\"ListItem\",\"position\":2,\"name\":\"Colecci\u00f3n\",\"item\":\"https:\/\/swiss-peak.com\/es\/coleccion\/\"},{\"@type\":\"ListItem\",\"position\":3,\"name\":\"Gafas de sol polarizadas de pl\u00e1stico RCS, negro\"}]},{\"@type\":\"WebSite\",\"@id\":\"https:\/\/swiss-peak.com\/es\/#website\",\"url\":\"https:\/\/swiss-peak.com\/es\/\",\"name\":\"Swiss Peak\",\"description\":\"Where will today take you?\",\"potentialAction\":[{\"@type\":\"SearchAction\",\"target\":{\"@type\":\"EntryPoint\",\"urlTemplate\":\"https:\/\/swiss-peak.com\/es\/?s={search_term_string}\"},\"query-input\":{\"@type\":\"PropertyValueSpecification\",\"valueRequired\":true,\"valueName\":\"search_term_string\"}}],\"inLanguage\":\"es\"}]}<\/script>\n<!-- \/ Yoast SEO plugin. -->","yoast_head_json":{"title":"Gafas de sol polarizadas de pl\u00e1stico RCS, negro - Swiss Peak","robots":{"index":"index","follow":"follow","max-snippet":"max-snippet:-1","max-image-preview":"max-image-preview:large","max-video-preview":"max-video-preview:-1"},"canonical":"https:\/\/swiss-peak.com\/es\/producto\/gafas-de-sol-polarizadas-de-plastico-rcs-negro\/","og_locale":"es_ES","og_type":"article","og_title":"Gafas de sol polarizadas de pl\u00e1stico RCS, negro - Swiss Peak","og_description":"Gafas de sol polarizadas de lujo hechas con marco de PC reciclado certificado RCS y patillas de aluminio. Contenido reciclado total: 37% basado en el peso total del art\u00edculo. La certificaci\u00f3n RCS garantiza una cadena de suministro completamente certificada de los materiales reciclados. Incluye funda de RPET reciclado certificado por GRS para guardar las gafas. [&hellip;]","og_url":"https:\/\/swiss-peak.com\/es\/producto\/gafas-de-sol-polarizadas-de-plastico-rcs-negro\/","og_site_name":"Swiss Peak","article_modified_time":"2026-04-16T01:01:09+00:00","og_image":[{"width":1024,"height":1024,"url":"https:\/\/swiss-peak.com\/wp-content\/uploads\/sites\/9\/2026\/04\/P453.981__S_0__7c57f23d28ae47a0a1b7f2e1ff17f687.jpg","type":"image\/jpeg"}],"twitter_card":"summary_large_image","twitter_misc":{"Tiempo de lectura":"1 minuto"},"schema":{"@context":"https:\/\/schema.org","@graph":[{"@type":"WebPage","@id":"https:\/\/swiss-peak.com\/es\/producto\/gafas-de-sol-polarizadas-de-plastico-rcs-negro\/","url":"https:\/\/swiss-peak.com\/es\/producto\/gafas-de-sol-polarizadas-de-plastico-rcs-negro\/","name":"Gafas de sol polarizadas de pl\u00e1stico RCS, negro - Swiss Peak","isPartOf":{"@id":"https:\/\/swiss-peak.com\/es\/#website"},"primaryImageOfPage":{"@id":"https:\/\/swiss-peak.com\/es\/producto\/gafas-de-sol-polarizadas-de-plastico-rcs-negro\/#primaryimage"},"image":{"@id":"https:\/\/swiss-peak.com\/es\/producto\/gafas-de-sol-polarizadas-de-plastico-rcs-negro\/#primaryimage"},"thumbnailUrl":"https:\/\/swiss-peak.com\/wp-content\/uploads\/sites\/9\/2026\/04\/P453.981__S_0__7c57f23d28ae47a0a1b7f2e1ff17f687.jpg","datePublished":"2023-03-14T10:02:14+00:00","dateModified":"2026-04-16T01:01:09+00:00","breadcrumb":{"@id":"https:\/\/swiss-peak.com\/es\/producto\/gafas-de-sol-polarizadas-de-plastico-rcs-negro\/#breadcrumb"},"inLanguage":"es","potentialAction":[{"@type":"ReadAction","target":["https:\/\/swiss-peak.com\/es\/producto\/gafas-de-sol-polarizadas-de-plastico-rcs-negro\/"]}]},{"@type":"ImageObject","inLanguage":"es","@id":"https:\/\/swiss-peak.com\/es\/producto\/gafas-de-sol-polarizadas-de-plastico-rcs-negro\/#primaryimage","url":"https:\/\/swiss-peak.com\/wp-content\/uploads\/sites\/9\/2026\/04\/P453.981__S_0__7c57f23d28ae47a0a1b7f2e1ff17f687.jpg","contentUrl":"https:\/\/swiss-peak.com\/wp-content\/uploads\/sites\/9\/2026\/04\/P453.981__S_0__7c57f23d28ae47a0a1b7f2e1ff17f687.jpg","width":1024,"height":1024},{"@type":"BreadcrumbList","@id":"https:\/\/swiss-peak.com\/es\/producto\/gafas-de-sol-polarizadas-de-plastico-rcs-negro\/#breadcrumb","itemListElement":[{"@type":"ListItem","position":1,"name":"Home","item":"https:\/\/swiss-peak.com\/es\/"},{"@type":"ListItem","position":2,"name":"Colecci\u00f3n","item":"https:\/\/swiss-peak.com\/es\/coleccion\/"},{"@type":"ListItem","position":3,"name":"Gafas de sol polarizadas de pl\u00e1stico RCS, negro"}]},{"@type":"WebSite","@id":"https:\/\/swiss-peak.com\/es\/#website","url":"https:\/\/swiss-peak.com\/es\/","name":"Swiss Peak","description":"Where will today take you?","potentialAction":[{"@type":"SearchAction","target":{"@type":"EntryPoint","urlTemplate":"https:\/\/swiss-peak.com\/es\/?s={search_term_string}"},"query-input":{"@type":"PropertyValueSpecification","valueRequired":true,"valueName":"search_term_string"}}],"inLanguage":"es"}]}},"_links":{"self":[{"href":"https:\/\/swiss-peak.com\/es\/wp-json\/wp\/v2\/product\/15261","targetHints":{"allow":["GET"]}}],"collection":[{"href":"https:\/\/swiss-peak.com\/es\/wp-json\/wp\/v2\/product"}],"about":[{"href":"https:\/\/swiss-peak.com\/es\/wp-json\/wp\/v2\/types\/product"}],"wp:featuredmedia":[{"embeddable":true,"href":"https:\/\/swiss-peak.com\/es\/wp-json\/wp\/v2\/media\/46202"}],"wp:attachment":[{"href":"https:\/\/swiss-peak.com\/es\/wp-json\/wp\/v2\/media?parent=15261"}],"wp:term":[{"taxonomy":"product_cat","embeddable":true,"href":"https:\/\/swiss-peak.com\/es\/wp-json\/wp\/v2\/product_cat?post=15261"},{"taxonomy":"product_tag","embeddable":true,"href":"https:\/\/swiss-peak.com\/es\/wp-json\/wp\/v2\/product_tag?post=15261"}],"curies":[{"name":"wp","href":"https:\/\/api.w.org\/{rel}","templated":true}]}}

https://xdsomename.tempurl.host/swisspeak-website/collection/sin%20categoría/gafas-de-sol-polarizadas-de-plastico-rcs-negro/

Gafas de sol polarizadas de plástico RCS, negro

<p>Gafas de sol polarizadas de lujo hechas con marco de PC reciclado certificado RCS y patillas de aluminio. Contenido reciclado total: 37% basado en el peso total del artículo. La certificación RCS garantiza una cadena de suministro completamente certificada de los materiales reciclados. Incluye funda de RPET reciclado certificado por GRS para guardar las gafas. Las lentes están polarizadas, lo que elimina la luz solar reflejada,  así las hace ideales para conducir un automóvil o durante otras actividades al aire libre soleadas en verano o invierno. Cumple EN ISO 12312-1, UV 400 y CAT 3. Presentado en un embalaje de regalo FSC®.</p>

<p>Gafas de sol polarizadas de lujo hechas con marco de PC reciclado certificado RCS y patillas de aluminio. Contenido reciclado total: 37% basado en el peso total del artículo. La certificación RCS garantiza una cadena de suministro completamente certificada de los materiales reciclados. Incluye funda de RPET reciclado certificado por GRS para guardar las gafas. [&hellip;]</p>

<!-- This site is optimized with the Yoast SEO plugin v27.0 - https://yoast.com/product/yoast-seo-wordpress/ -->
<title>Gafas de sol polarizadas de plástico RCS, negro - Swiss Peak</title>
<meta name="robots" content="index, follow, max-snippet:-1, max-image-preview:large, max-video-preview:-1" />
<link rel="canonical" href="https://swiss-peak.com/es/producto/gafas-de-sol-polarizadas-de-plastico-rcs-negro/" />
<meta property="og:locale" content="es_ES" />
<meta property="og:type" content="article" />
<meta property="og:title" content="Gafas de sol polarizadas de plástico RCS, negro - Swiss Peak" />
<meta property="og:description" content="Gafas de sol polarizadas de lujo hechas con marco de PC reciclado certificado RCS y patillas de aluminio. Contenido reciclado total: 37% basado en el peso total del artículo. La certificación RCS garantiza una cadena de suministro completamente certificada de los materiales reciclados. Incluye funda de RPET reciclado certificado por GRS para guardar las gafas. [&hellip;]" />
<meta property="og:url" content="https://swiss-peak.com/es/producto/gafas-de-sol-polarizadas-de-plastico-rcs-negro/" />
<meta property="og:site_name" content="Swiss Peak" />
<meta property="article:modified_time" content="2026-04-16T01:01:09+00:00" />
<meta property="og:image" content="https://swiss-peak.com/wp-content/uploads/sites/9/2026/04/P453.981__S_0__7c57f23d28ae47a0a1b7f2e1ff17f687.jpg" />
	<meta property="og:image:width" content="1024" />
	<meta property="og:image:height" content="1024" />
	<meta property="og:image:type" content="image/jpeg" />
<meta name="twitter:card" content="summary_large_image" />
<meta name="twitter:label1" content="Tiempo de lectura" />
	<meta name="twitter:data1" content="1 minuto" />
<script type="application/ld+json" class="yoast-schema-graph">{"@context":"https://schema.org","@graph":[{"@type":"WebPage","@id":"https://swiss-peak.com/es/producto/gafas-de-sol-polarizadas-de-plastico-rcs-negro/","url":"https://swiss-peak.com/es/producto/gafas-de-sol-polarizadas-de-plastico-rcs-negro/","name":"Gafas de sol polarizadas de plástico RCS, negro - Swiss Peak","isPartOf":{"@id":"https://swiss-peak.com/es/#website"},"primaryImageOfPage":{"@id":"https://swiss-peak.com/es/producto/gafas-de-sol-polarizadas-de-plastico-rcs-negro/#primaryimage"},"image":{"@id":"https://swiss-peak.com/es/producto/gafas-de-sol-polarizadas-de-plastico-rcs-negro/#primaryimage"},"thumbnailUrl":"https://swiss-peak.com/wp-content/uploads/sites/9/2026/04/P453.981__S_0__7c57f23d28ae47a0a1b7f2e1ff17f687.jpg","datePublished":"2023-03-14T10:02:14+00:00","dateModified":"2026-04-16T01:01:09+00:00","breadcrumb":{"@id":"https://swiss-peak.com/es/producto/gafas-de-sol-polarizadas-de-plastico-rcs-negro/#breadcrumb"},"inLanguage":"es","potentialAction":[{"@type":"ReadAction","target":["https://swiss-peak.com/es/producto/gafas-de-sol-polarizadas-de-plastico-rcs-negro/"]}]},{"@type":"ImageObject","inLanguage":"es","@id":"https://swiss-peak.com/es/producto/gafas-de-sol-polarizadas-de-plastico-rcs-negro/#primaryimage","url":"https://swiss-peak.com/wp-content/uploads/sites/9/2026/04/P453.981__S_0__7c57f23d28ae47a0a1b7f2e1ff17f687.jpg","contentUrl":"https://swiss-peak.com/wp-content/uploads/sites/9/2026/04/P453.981__S_0__7c57f23d28ae47a0a1b7f2e1ff17f687.jpg","width":1024,"height":1024},{"@type":"BreadcrumbList","@id":"https://swiss-peak.com/es/producto/gafas-de-sol-polarizadas-de-plastico-rcs-negro/#breadcrumb","itemListElement":[{"@type":"ListItem","position":1,"name":"Home","item":"https://swiss-peak.com/es/"},{"@type":"ListItem","position":2,"name":"Colección","item":"https://swiss-peak.com/es/coleccion/"},{"@type":"ListItem","position":3,"name":"Gafas de sol polarizadas de plástico RCS, negro"}]},{"@type":"WebSite","@id":"https://swiss-peak.com/es/#website","url":"https://swiss-peak.com/es/","name":"Swiss Peak","description":"Where will today take you?","potentialAction":[{"@type":"SearchAction","target":{"@type":"EntryPoint","urlTemplate":"https://swiss-peak.com/es/?s={search_term_string}"},"query-input":{"@type":"PropertyValueSpecification","valueRequired":true,"valueName":"search_term_string"}}],"inLanguage":"es"}]}</script>
<!-- / Yoast SEO plugin. -->

Gafas de sol polarizadas de plástico RCS, negro - Swiss Peak

Gafas de sol polarizadas de lujo hechas con marco de PC reciclado certificado RCS y patillas de aluminio. Contenido reciclado total: 37% basado en el peso total del artículo. La certificación RCS garantiza una cadena de suministro completamente certificada de los materiales reciclados. Incluye funda de RPET reciclado certificado por GRS para guardar las gafas. [&hellip;]

Colección
