{"id":15175,"date":"2023-03-14T11:56:56","date_gmt":"2023-03-14T09:56:56","guid":{"rendered":"https:\/\/xdsomename.tempurl.host\/swisspeak-website\/collection\/unkategorisiert\/aware-rpet-voyager-15-6-laptop-rucksack-schwarz\/"},"modified":"2026-04-16T02:35:17","modified_gmt":"2026-04-16T00:35:17","slug":"aware-rpet-voyager-15-6-laptop-rucksack-schwarz","status":"publish","type":"product","link":"https:\/\/swiss-peak.com\/de\/produkt\/aware-rpet-voyager-15-6-laptop-rucksack-schwarz\/","title":{"rendered":"AWARE\u2122 RPET Voyager 15.6&#8243; Laptop Rucksack, schwarz"},"content":{"rendered":"<p>Mit diesem Laptop-Rucksack wird das t\u00e4gliche Pendeln ein bisschen einfacher und stilvoller. Der Rucksack besteht aus strapazierf\u00e4higem 1680D recyceltem Polyestergewebe mit einigen PU-Details und verf\u00fcgt \u00fcber eine gut gestaltete Form mit mehreren Taschen zur Aufbewahrung und Organisation. Neben dem ger\u00e4umigen Hauptfach verf\u00fcgt dieser Rucksack \u00fcber ein gepolstertes 15,6&#8243; Laptopfach und eine zus\u00e4tzliche Rei\u00dfverschlusstasche f\u00fcr Ihre anderen t\u00e4glichen Essentials. Weitere Features dieses Rucksacks sind ein USB-Ausgang, RFID-F\u00e4cher, Stiftschlaufen, ein abnehmbarer Gep\u00e4ckanh\u00e4nger und eine seitliche Wasserflaschentasche Au\u00dfen:100% 1680D Polyester \/ Futter: 150D recyceltes Polyester. Mit AWARE\u2122 Tracer, der die Verwendung tats\u00e4chlich recycelter Materialien best\u00e4tigt. Zudem werden 2% des Erl\u00f6ses jedes verkauften Impact-Produkts mit AWARE\u2122 Tracer an Water.org gespendet.<\/p>\n","protected":false},"excerpt":{"rendered":"<p>Mit diesem Laptop-Rucksack wird das t\u00e4gliche Pendeln ein bisschen einfacher und stilvoller. Der Rucksack besteht aus strapazierf\u00e4higem 1680D recyceltem Polyestergewebe mit einigen PU-Details und verf\u00fcgt \u00fcber eine gut gestaltete Form mit mehreren Taschen zur Aufbewahrung und Organisation. Neben dem ger\u00e4umigen Hauptfach verf\u00fcgt dieser Rucksack \u00fcber ein gepolstertes 15,6&#8243; Laptopfach und eine zus\u00e4tzliche Rei\u00dfverschlusstasche f\u00fcr Ihre [&hellip;]<\/p>\n","protected":false},"featured_media":46389,"template":"","meta":{"_acf_changed":false},"product_cat":[256,252],"product_tag":[],"class_list":["post-15175","product","type-product","status-publish","has-post-thumbnail","hentry","product_cat-rucksacke","product_cat-taschen-reise","pa_color-black-de"],"acf":[],"yoast_head":"<!-- This site is optimized with the Yoast SEO plugin v27.0 - https:\/\/yoast.com\/product\/yoast-seo-wordpress\/ -->\n<title>AWARE\u2122 RPET Voyager 15.6&quot; Laptop Rucksack, schwarz - Swiss Peak<\/title>\n<meta name=\"robots\" content=\"index, follow, max-snippet:-1, max-image-preview:large, max-video-preview:-1\" \/>\n<link rel=\"canonical\" href=\"https:\/\/swiss-peak.com\/de\/produkt\/aware-rpet-voyager-15-6-laptop-rucksack-schwarz\/\" \/>\n<meta property=\"og:locale\" content=\"de_DE\" \/>\n<meta property=\"og:type\" content=\"article\" \/>\n<meta property=\"og:title\" content=\"AWARE\u2122 RPET Voyager 15.6&quot; Laptop Rucksack, schwarz - Swiss Peak\" \/>\n<meta property=\"og:description\" content=\"Mit diesem Laptop-Rucksack wird das t\u00e4gliche Pendeln ein bisschen einfacher und stilvoller. Der Rucksack besteht aus strapazierf\u00e4higem 1680D recyceltem Polyestergewebe mit einigen PU-Details und verf\u00fcgt \u00fcber eine gut gestaltete Form mit mehreren Taschen zur Aufbewahrung und Organisation. Neben dem ger\u00e4umigen Hauptfach verf\u00fcgt dieser Rucksack \u00fcber ein gepolstertes 15,6&#8243; Laptopfach und eine zus\u00e4tzliche Rei\u00dfverschlusstasche f\u00fcr Ihre [&hellip;]\" \/>\n<meta property=\"og:url\" content=\"https:\/\/swiss-peak.com\/de\/produkt\/aware-rpet-voyager-15-6-laptop-rucksack-schwarz\/\" \/>\n<meta property=\"og:site_name\" content=\"Swiss Peak\" \/>\n<meta property=\"article:modified_time\" content=\"2026-04-16T00:35:17+00:00\" \/>\n<meta property=\"og:image\" content=\"https:\/\/swiss-peak.com\/wp-content\/uploads\/sites\/9\/2026\/04\/P762.881__S_0__f6c1c244b88846cabfadcf0736e8af35.jpg\" \/>\n\t<meta property=\"og:image:width\" content=\"1024\" \/>\n\t<meta property=\"og:image:height\" content=\"1024\" \/>\n\t<meta property=\"og:image:type\" content=\"image\/jpeg\" \/>\n<meta name=\"twitter:card\" content=\"summary_large_image\" \/>\n<meta name=\"twitter:label1\" content=\"Gesch\u00e4tzte Lesezeit\" \/>\n\t<meta name=\"twitter:data1\" content=\"1\u00a0Minute\" \/>\n<script type=\"application\/ld+json\" class=\"yoast-schema-graph\">{\"@context\":\"https:\/\/schema.org\",\"@graph\":[{\"@type\":\"WebPage\",\"@id\":\"https:\/\/swiss-peak.com\/de\/produkt\/aware-rpet-voyager-15-6-laptop-rucksack-schwarz\/\",\"url\":\"https:\/\/swiss-peak.com\/de\/produkt\/aware-rpet-voyager-15-6-laptop-rucksack-schwarz\/\",\"name\":\"AWARE\u2122 RPET Voyager 15.6\\\" Laptop Rucksack, schwarz - Swiss Peak\",\"isPartOf\":{\"@id\":\"https:\/\/swiss-peak.com\/de\/#website\"},\"primaryImageOfPage\":{\"@id\":\"https:\/\/swiss-peak.com\/de\/produkt\/aware-rpet-voyager-15-6-laptop-rucksack-schwarz\/#primaryimage\"},\"image\":{\"@id\":\"https:\/\/swiss-peak.com\/de\/produkt\/aware-rpet-voyager-15-6-laptop-rucksack-schwarz\/#primaryimage\"},\"thumbnailUrl\":\"https:\/\/swiss-peak.com\/wp-content\/uploads\/sites\/9\/2026\/04\/P762.881__S_0__f6c1c244b88846cabfadcf0736e8af35.jpg\",\"datePublished\":\"2023-03-14T09:56:56+00:00\",\"dateModified\":\"2026-04-16T00:35:17+00:00\",\"breadcrumb\":{\"@id\":\"https:\/\/swiss-peak.com\/de\/produkt\/aware-rpet-voyager-15-6-laptop-rucksack-schwarz\/#breadcrumb\"},\"inLanguage\":\"de\",\"potentialAction\":[{\"@type\":\"ReadAction\",\"target\":[\"https:\/\/swiss-peak.com\/de\/produkt\/aware-rpet-voyager-15-6-laptop-rucksack-schwarz\/\"]}]},{\"@type\":\"ImageObject\",\"inLanguage\":\"de\",\"@id\":\"https:\/\/swiss-peak.com\/de\/produkt\/aware-rpet-voyager-15-6-laptop-rucksack-schwarz\/#primaryimage\",\"url\":\"https:\/\/swiss-peak.com\/wp-content\/uploads\/sites\/9\/2026\/04\/P762.881__S_0__f6c1c244b88846cabfadcf0736e8af35.jpg\",\"contentUrl\":\"https:\/\/swiss-peak.com\/wp-content\/uploads\/sites\/9\/2026\/04\/P762.881__S_0__f6c1c244b88846cabfadcf0736e8af35.jpg\",\"width\":1024,\"height\":1024},{\"@type\":\"BreadcrumbList\",\"@id\":\"https:\/\/swiss-peak.com\/de\/produkt\/aware-rpet-voyager-15-6-laptop-rucksack-schwarz\/#breadcrumb\",\"itemListElement\":[{\"@type\":\"ListItem\",\"position\":1,\"name\":\"Home\",\"item\":\"https:\/\/swiss-peak.com\/de\/\"},{\"@type\":\"ListItem\",\"position\":2,\"name\":\"Kollektion\",\"item\":\"https:\/\/swiss-peak.com\/de\/kollektion\/\"},{\"@type\":\"ListItem\",\"position\":3,\"name\":\"AWARE\u2122 RPET Voyager 15.6&#8243; Laptop Rucksack, schwarz\"}]},{\"@type\":\"WebSite\",\"@id\":\"https:\/\/swiss-peak.com\/de\/#website\",\"url\":\"https:\/\/swiss-peak.com\/de\/\",\"name\":\"Swiss Peak\",\"description\":\"Where will today take you?\",\"potentialAction\":[{\"@type\":\"SearchAction\",\"target\":{\"@type\":\"EntryPoint\",\"urlTemplate\":\"https:\/\/swiss-peak.com\/de\/?s={search_term_string}\"},\"query-input\":{\"@type\":\"PropertyValueSpecification\",\"valueRequired\":true,\"valueName\":\"search_term_string\"}}],\"inLanguage\":\"de\"}]}<\/script>\n<!-- \/ Yoast SEO plugin. -->","yoast_head_json":{"title":"AWARE\u2122 RPET Voyager 15.6\" Laptop Rucksack, schwarz - Swiss Peak","robots":{"index":"index","follow":"follow","max-snippet":"max-snippet:-1","max-image-preview":"max-image-preview:large","max-video-preview":"max-video-preview:-1"},"canonical":"https:\/\/swiss-peak.com\/de\/produkt\/aware-rpet-voyager-15-6-laptop-rucksack-schwarz\/","og_locale":"de_DE","og_type":"article","og_title":"AWARE\u2122 RPET Voyager 15.6\" Laptop Rucksack, schwarz - Swiss Peak","og_description":"Mit diesem Laptop-Rucksack wird das t\u00e4gliche Pendeln ein bisschen einfacher und stilvoller. Der Rucksack besteht aus strapazierf\u00e4higem 1680D recyceltem Polyestergewebe mit einigen PU-Details und verf\u00fcgt \u00fcber eine gut gestaltete Form mit mehreren Taschen zur Aufbewahrung und Organisation. Neben dem ger\u00e4umigen Hauptfach verf\u00fcgt dieser Rucksack \u00fcber ein gepolstertes 15,6&#8243; Laptopfach und eine zus\u00e4tzliche Rei\u00dfverschlusstasche f\u00fcr Ihre [&hellip;]","og_url":"https:\/\/swiss-peak.com\/de\/produkt\/aware-rpet-voyager-15-6-laptop-rucksack-schwarz\/","og_site_name":"Swiss Peak","article_modified_time":"2026-04-16T00:35:17+00:00","og_image":[{"width":1024,"height":1024,"url":"https:\/\/swiss-peak.com\/wp-content\/uploads\/sites\/9\/2026\/04\/P762.881__S_0__f6c1c244b88846cabfadcf0736e8af35.jpg","type":"image\/jpeg"}],"twitter_card":"summary_large_image","twitter_misc":{"Gesch\u00e4tzte Lesezeit":"1\u00a0Minute"},"schema":{"@context":"https:\/\/schema.org","@graph":[{"@type":"WebPage","@id":"https:\/\/swiss-peak.com\/de\/produkt\/aware-rpet-voyager-15-6-laptop-rucksack-schwarz\/","url":"https:\/\/swiss-peak.com\/de\/produkt\/aware-rpet-voyager-15-6-laptop-rucksack-schwarz\/","name":"AWARE\u2122 RPET Voyager 15.6\" Laptop Rucksack, schwarz - Swiss Peak","isPartOf":{"@id":"https:\/\/swiss-peak.com\/de\/#website"},"primaryImageOfPage":{"@id":"https:\/\/swiss-peak.com\/de\/produkt\/aware-rpet-voyager-15-6-laptop-rucksack-schwarz\/#primaryimage"},"image":{"@id":"https:\/\/swiss-peak.com\/de\/produkt\/aware-rpet-voyager-15-6-laptop-rucksack-schwarz\/#primaryimage"},"thumbnailUrl":"https:\/\/swiss-peak.com\/wp-content\/uploads\/sites\/9\/2026\/04\/P762.881__S_0__f6c1c244b88846cabfadcf0736e8af35.jpg","datePublished":"2023-03-14T09:56:56+00:00","dateModified":"2026-04-16T00:35:17+00:00","breadcrumb":{"@id":"https:\/\/swiss-peak.com\/de\/produkt\/aware-rpet-voyager-15-6-laptop-rucksack-schwarz\/#breadcrumb"},"inLanguage":"de","potentialAction":[{"@type":"ReadAction","target":["https:\/\/swiss-peak.com\/de\/produkt\/aware-rpet-voyager-15-6-laptop-rucksack-schwarz\/"]}]},{"@type":"ImageObject","inLanguage":"de","@id":"https:\/\/swiss-peak.com\/de\/produkt\/aware-rpet-voyager-15-6-laptop-rucksack-schwarz\/#primaryimage","url":"https:\/\/swiss-peak.com\/wp-content\/uploads\/sites\/9\/2026\/04\/P762.881__S_0__f6c1c244b88846cabfadcf0736e8af35.jpg","contentUrl":"https:\/\/swiss-peak.com\/wp-content\/uploads\/sites\/9\/2026\/04\/P762.881__S_0__f6c1c244b88846cabfadcf0736e8af35.jpg","width":1024,"height":1024},{"@type":"BreadcrumbList","@id":"https:\/\/swiss-peak.com\/de\/produkt\/aware-rpet-voyager-15-6-laptop-rucksack-schwarz\/#breadcrumb","itemListElement":[{"@type":"ListItem","position":1,"name":"Home","item":"https:\/\/swiss-peak.com\/de\/"},{"@type":"ListItem","position":2,"name":"Kollektion","item":"https:\/\/swiss-peak.com\/de\/kollektion\/"},{"@type":"ListItem","position":3,"name":"AWARE\u2122 RPET Voyager 15.6&#8243; Laptop Rucksack, schwarz"}]},{"@type":"WebSite","@id":"https:\/\/swiss-peak.com\/de\/#website","url":"https:\/\/swiss-peak.com\/de\/","name":"Swiss Peak","description":"Where will today take you?","potentialAction":[{"@type":"SearchAction","target":{"@type":"EntryPoint","urlTemplate":"https:\/\/swiss-peak.com\/de\/?s={search_term_string}"},"query-input":{"@type":"PropertyValueSpecification","valueRequired":true,"valueName":"search_term_string"}}],"inLanguage":"de"}]}},"_links":{"self":[{"href":"https:\/\/swiss-peak.com\/de\/wp-json\/wp\/v2\/product\/15175","targetHints":{"allow":["GET"]}}],"collection":[{"href":"https:\/\/swiss-peak.com\/de\/wp-json\/wp\/v2\/product"}],"about":[{"href":"https:\/\/swiss-peak.com\/de\/wp-json\/wp\/v2\/types\/product"}],"wp:featuredmedia":[{"embeddable":true,"href":"https:\/\/swiss-peak.com\/de\/wp-json\/wp\/v2\/media\/46389"}],"wp:attachment":[{"href":"https:\/\/swiss-peak.com\/de\/wp-json\/wp\/v2\/media?parent=15175"}],"wp:term":[{"taxonomy":"product_cat","embeddable":true,"href":"https:\/\/swiss-peak.com\/de\/wp-json\/wp\/v2\/product_cat?post=15175"},{"taxonomy":"product_tag","embeddable":true,"href":"https:\/\/swiss-peak.com\/de\/wp-json\/wp\/v2\/product_tag?post=15175"}],"curies":[{"name":"wp","href":"https:\/\/api.w.org\/{rel}","templated":true}]}}

<p>Mit diesem Laptop-Rucksack wird das tägliche Pendeln ein bisschen einfacher und stilvoller. Der Rucksack besteht aus strapazierfähigem 1680D recyceltem Polyestergewebe mit einigen PU-Details und verfügt über eine gut gestaltete Form mit mehreren Taschen zur Aufbewahrung und Organisation. Neben dem geräumigen Hauptfach verfügt dieser Rucksack über ein gepolstertes 15,6&#8243; Laptopfach und eine zusätzliche Reißverschlusstasche für Ihre anderen täglichen Essentials. Weitere Features dieses Rucksacks sind ein USB-Ausgang, RFID-Fächer, Stiftschlaufen, ein abnehmbarer Gepäckanhänger und eine seitliche Wasserflaschentasche Außen:100% 1680D Polyester / Futter: 150D recyceltes Polyester. Mit AWARE™ Tracer, der die Verwendung tatsächlich recycelter Materialien bestätigt. Zudem werden 2% des Erlöses jedes verkauften Impact-Produkts mit AWARE™ Tracer an Water.org gespendet.</p>

<p>Mit diesem Laptop-Rucksack wird das tägliche Pendeln ein bisschen einfacher und stilvoller. Der Rucksack besteht aus strapazierfähigem 1680D recyceltem Polyestergewebe mit einigen PU-Details und verfügt über eine gut gestaltete Form mit mehreren Taschen zur Aufbewahrung und Organisation. Neben dem geräumigen Hauptfach verfügt dieser Rucksack über ein gepolstertes 15,6&#8243; Laptopfach und eine zusätzliche Reißverschlusstasche für Ihre [&hellip;]</p>

<!-- This site is optimized with the Yoast SEO plugin v27.0 - https://yoast.com/product/yoast-seo-wordpress/ -->
<title>AWARE™ RPET Voyager 15.6&quot; Laptop Rucksack, schwarz - Swiss Peak</title>
<meta name="robots" content="index, follow, max-snippet:-1, max-image-preview:large, max-video-preview:-1" />
<link rel="canonical" href="https://swiss-peak.com/de/produkt/aware-rpet-voyager-15-6-laptop-rucksack-schwarz/" />
<meta property="og:locale" content="de_DE" />
<meta property="og:type" content="article" />
<meta property="og:title" content="AWARE™ RPET Voyager 15.6&quot; Laptop Rucksack, schwarz - Swiss Peak" />
<meta property="og:description" content="Mit diesem Laptop-Rucksack wird das tägliche Pendeln ein bisschen einfacher und stilvoller. Der Rucksack besteht aus strapazierfähigem 1680D recyceltem Polyestergewebe mit einigen PU-Details und verfügt über eine gut gestaltete Form mit mehreren Taschen zur Aufbewahrung und Organisation. Neben dem geräumigen Hauptfach verfügt dieser Rucksack über ein gepolstertes 15,6&#8243; Laptopfach und eine zusätzliche Reißverschlusstasche für Ihre [&hellip;]" />
<meta property="og:url" content="https://swiss-peak.com/de/produkt/aware-rpet-voyager-15-6-laptop-rucksack-schwarz/" />
<meta property="og:site_name" content="Swiss Peak" />
<meta property="article:modified_time" content="2026-04-16T00:35:17+00:00" />
<meta property="og:image" content="https://swiss-peak.com/wp-content/uploads/sites/9/2026/04/P762.881__S_0__f6c1c244b88846cabfadcf0736e8af35.jpg" />
	<meta property="og:image:width" content="1024" />
	<meta property="og:image:height" content="1024" />
	<meta property="og:image:type" content="image/jpeg" />
<meta name="twitter:card" content="summary_large_image" />
<meta name="twitter:label1" content="Geschätzte Lesezeit" />
	<meta name="twitter:data1" content="1 Minute" />
<script type="application/ld+json" class="yoast-schema-graph">{"@context":"https://schema.org","@graph":[{"@type":"WebPage","@id":"https://swiss-peak.com/de/produkt/aware-rpet-voyager-15-6-laptop-rucksack-schwarz/","url":"https://swiss-peak.com/de/produkt/aware-rpet-voyager-15-6-laptop-rucksack-schwarz/","name":"AWARE™ RPET Voyager 15.6\" Laptop Rucksack, schwarz - Swiss Peak","isPartOf":{"@id":"https://swiss-peak.com/de/#website"},"primaryImageOfPage":{"@id":"https://swiss-peak.com/de/produkt/aware-rpet-voyager-15-6-laptop-rucksack-schwarz/#primaryimage"},"image":{"@id":"https://swiss-peak.com/de/produkt/aware-rpet-voyager-15-6-laptop-rucksack-schwarz/#primaryimage"},"thumbnailUrl":"https://swiss-peak.com/wp-content/uploads/sites/9/2026/04/P762.881__S_0__f6c1c244b88846cabfadcf0736e8af35.jpg","datePublished":"2023-03-14T09:56:56+00:00","dateModified":"2026-04-16T00:35:17+00:00","breadcrumb":{"@id":"https://swiss-peak.com/de/produkt/aware-rpet-voyager-15-6-laptop-rucksack-schwarz/#breadcrumb"},"inLanguage":"de","potentialAction":[{"@type":"ReadAction","target":["https://swiss-peak.com/de/produkt/aware-rpet-voyager-15-6-laptop-rucksack-schwarz/"]}]},{"@type":"ImageObject","inLanguage":"de","@id":"https://swiss-peak.com/de/produkt/aware-rpet-voyager-15-6-laptop-rucksack-schwarz/#primaryimage","url":"https://swiss-peak.com/wp-content/uploads/sites/9/2026/04/P762.881__S_0__f6c1c244b88846cabfadcf0736e8af35.jpg","contentUrl":"https://swiss-peak.com/wp-content/uploads/sites/9/2026/04/P762.881__S_0__f6c1c244b88846cabfadcf0736e8af35.jpg","width":1024,"height":1024},{"@type":"BreadcrumbList","@id":"https://swiss-peak.com/de/produkt/aware-rpet-voyager-15-6-laptop-rucksack-schwarz/#breadcrumb","itemListElement":[{"@type":"ListItem","position":1,"name":"Home","item":"https://swiss-peak.com/de/"},{"@type":"ListItem","position":2,"name":"Kollektion","item":"https://swiss-peak.com/de/kollektion/"},{"@type":"ListItem","position":3,"name":"AWARE™ RPET Voyager 15.6&#8243; Laptop Rucksack, schwarz"}]},{"@type":"WebSite","@id":"https://swiss-peak.com/de/#website","url":"https://swiss-peak.com/de/","name":"Swiss Peak","description":"Where will today take you?","potentialAction":[{"@type":"SearchAction","target":{"@type":"EntryPoint","urlTemplate":"https://swiss-peak.com/de/?s={search_term_string}"},"query-input":{"@type":"PropertyValueSpecification","valueRequired":true,"valueName":"search_term_string"}}],"inLanguage":"de"}]}</script>
<!-- / Yoast SEO plugin. -->

Mit diesem Laptop-Rucksack wird das tägliche Pendeln ein bisschen einfacher und stilvoller. Der Rucksack besteht aus strapazierfähigem 1680D recyceltem Polyestergewebe mit einigen PU-Details und verfügt über eine gut gestaltete Form mit mehreren Taschen zur Aufbewahrung und Organisation. Neben dem geräumigen Hauptfach verfügt dieser Rucksack über ein gepolstertes 15,6&#8243; Laptopfach und eine zusätzliche Reißverschlusstasche für Ihre [&hellip;]
