{"id":15133,"date":"2023-03-14T11:55:43","date_gmt":"2023-03-14T09:55:43","guid":{"rendered":"https:\/\/xdsomename.tempurl.host\/swisspeak-website\/collection\/unkategorisiert\/swiss-peak-14-laptoptasche-aus-grs-recyceltem-pu-schwarz\/"},"modified":"2026-04-16T02:34:27","modified_gmt":"2026-04-16T00:34:27","slug":"swiss-peak-14-laptoptasche-aus-grs-recyceltem-pu-schwarz","status":"publish","type":"product","link":"https:\/\/swiss-peak.com\/de\/produkt\/swiss-peak-14-laptoptasche-aus-grs-recyceltem-pu-schwarz\/","title":{"rendered":"14&#8243; Laptoptasche aus GRS recyceltem PU, schwarz"},"content":{"rendered":"<p>Die 14&#8243; Laptoptasche von Swiss Peak aus GRS recyceltem PU verbindet modernen Luxus mit einer glatten Oberfl\u00e4che in einem satten Schwarzton. Sie hat einen abnehmbaren Tragegurt sowie zwei Frontf\u00e4cher mit Rei\u00dfverschluss. Hergestellt aus 100% GRS-zertifiziertem PU. Die GRS-Zertifizierung gew\u00e4hrleistet eine vollst\u00e4ndig zertifizierte Lieferkette der recycelten Materialien. Gesamter Recyclinganteil: 61% basierend auf dem Gesamtgewicht des Artikels. PVC frei.<\/p>\n","protected":false},"excerpt":{"rendered":"<p>Die 14&#8243; Laptoptasche von Swiss Peak aus GRS recyceltem PU verbindet modernen Luxus mit einer glatten Oberfl\u00e4che in einem satten Schwarzton. Sie hat einen abnehmbaren Tragegurt sowie zwei Frontf\u00e4cher mit Rei\u00dfverschluss. Hergestellt aus 100% GRS-zertifiziertem PU. Die GRS-Zertifizierung gew\u00e4hrleistet eine vollst\u00e4ndig zertifizierte Lieferkette der recycelten Materialien. Gesamter Recyclinganteil: 61% basierend auf dem Gesamtgewicht des Artikels. [&hellip;]<\/p>\n","protected":false},"featured_media":46291,"template":"","meta":{"_acf_changed":false},"product_cat":[288,294],"product_tag":[],"class_list":["post-15133","product","type-product","status-publish","has-post-thumbnail","hentry","product_cat-geschafte","product_cat-laptoptaschen","pa_color-black-de"],"acf":[],"yoast_head":"<!-- This site is optimized with the Yoast SEO plugin v27.0 - https:\/\/yoast.com\/product\/yoast-seo-wordpress\/ -->\n<title>14&quot; Laptoptasche aus GRS recyceltem PU, schwarz - Swiss Peak<\/title>\n<meta name=\"robots\" content=\"index, follow, max-snippet:-1, max-image-preview:large, max-video-preview:-1\" \/>\n<link rel=\"canonical\" href=\"https:\/\/swiss-peak.com\/de\/produkt\/swiss-peak-14-laptoptasche-aus-grs-recyceltem-pu-schwarz\/\" \/>\n<meta property=\"og:locale\" content=\"de_DE\" \/>\n<meta property=\"og:type\" content=\"article\" \/>\n<meta property=\"og:title\" content=\"14&quot; Laptoptasche aus GRS recyceltem PU, schwarz - Swiss Peak\" \/>\n<meta property=\"og:description\" content=\"Die 14&#8243; Laptoptasche von Swiss Peak aus GRS recyceltem PU verbindet modernen Luxus mit einer glatten Oberfl\u00e4che in einem satten Schwarzton. Sie hat einen abnehmbaren Tragegurt sowie zwei Frontf\u00e4cher mit Rei\u00dfverschluss. Hergestellt aus 100% GRS-zertifiziertem PU. Die GRS-Zertifizierung gew\u00e4hrleistet eine vollst\u00e4ndig zertifizierte Lieferkette der recycelten Materialien. Gesamter Recyclinganteil: 61% basierend auf dem Gesamtgewicht des Artikels. [&hellip;]\" \/>\n<meta property=\"og:url\" content=\"https:\/\/swiss-peak.com\/de\/produkt\/swiss-peak-14-laptoptasche-aus-grs-recyceltem-pu-schwarz\/\" \/>\n<meta property=\"og:site_name\" content=\"Swiss Peak\" \/>\n<meta property=\"article:modified_time\" content=\"2026-04-16T00:34:27+00:00\" \/>\n<meta property=\"og:image\" content=\"https:\/\/swiss-peak.com\/wp-content\/uploads\/sites\/9\/2026\/04\/P732.191__S_0__42aed658df134278848a21d1eda6caea.jpg\" \/>\n\t<meta property=\"og:image:width\" content=\"1024\" \/>\n\t<meta property=\"og:image:height\" content=\"1024\" \/>\n\t<meta property=\"og:image:type\" content=\"image\/jpeg\" \/>\n<meta name=\"twitter:card\" content=\"summary_large_image\" \/>\n<script type=\"application\/ld+json\" class=\"yoast-schema-graph\">{\"@context\":\"https:\/\/schema.org\",\"@graph\":[{\"@type\":\"WebPage\",\"@id\":\"https:\/\/swiss-peak.com\/de\/produkt\/swiss-peak-14-laptoptasche-aus-grs-recyceltem-pu-schwarz\/\",\"url\":\"https:\/\/swiss-peak.com\/de\/produkt\/swiss-peak-14-laptoptasche-aus-grs-recyceltem-pu-schwarz\/\",\"name\":\"14\\\" Laptoptasche aus GRS recyceltem PU, schwarz - Swiss Peak\",\"isPartOf\":{\"@id\":\"https:\/\/swiss-peak.com\/de\/#website\"},\"primaryImageOfPage\":{\"@id\":\"https:\/\/swiss-peak.com\/de\/produkt\/swiss-peak-14-laptoptasche-aus-grs-recyceltem-pu-schwarz\/#primaryimage\"},\"image\":{\"@id\":\"https:\/\/swiss-peak.com\/de\/produkt\/swiss-peak-14-laptoptasche-aus-grs-recyceltem-pu-schwarz\/#primaryimage\"},\"thumbnailUrl\":\"https:\/\/swiss-peak.com\/wp-content\/uploads\/sites\/9\/2026\/04\/P732.191__S_0__42aed658df134278848a21d1eda6caea.jpg\",\"datePublished\":\"2023-03-14T09:55:43+00:00\",\"dateModified\":\"2026-04-16T00:34:27+00:00\",\"breadcrumb\":{\"@id\":\"https:\/\/swiss-peak.com\/de\/produkt\/swiss-peak-14-laptoptasche-aus-grs-recyceltem-pu-schwarz\/#breadcrumb\"},\"inLanguage\":\"de\",\"potentialAction\":[{\"@type\":\"ReadAction\",\"target\":[\"https:\/\/swiss-peak.com\/de\/produkt\/swiss-peak-14-laptoptasche-aus-grs-recyceltem-pu-schwarz\/\"]}]},{\"@type\":\"ImageObject\",\"inLanguage\":\"de\",\"@id\":\"https:\/\/swiss-peak.com\/de\/produkt\/swiss-peak-14-laptoptasche-aus-grs-recyceltem-pu-schwarz\/#primaryimage\",\"url\":\"https:\/\/swiss-peak.com\/wp-content\/uploads\/sites\/9\/2026\/04\/P732.191__S_0__42aed658df134278848a21d1eda6caea.jpg\",\"contentUrl\":\"https:\/\/swiss-peak.com\/wp-content\/uploads\/sites\/9\/2026\/04\/P732.191__S_0__42aed658df134278848a21d1eda6caea.jpg\",\"width\":1024,\"height\":1024},{\"@type\":\"BreadcrumbList\",\"@id\":\"https:\/\/swiss-peak.com\/de\/produkt\/swiss-peak-14-laptoptasche-aus-grs-recyceltem-pu-schwarz\/#breadcrumb\",\"itemListElement\":[{\"@type\":\"ListItem\",\"position\":1,\"name\":\"Home\",\"item\":\"https:\/\/swiss-peak.com\/de\/\"},{\"@type\":\"ListItem\",\"position\":2,\"name\":\"Kollektion\",\"item\":\"https:\/\/swiss-peak.com\/de\/kollektion\/\"},{\"@type\":\"ListItem\",\"position\":3,\"name\":\"14&#8243; Laptoptasche aus GRS recyceltem PU, schwarz\"}]},{\"@type\":\"WebSite\",\"@id\":\"https:\/\/swiss-peak.com\/de\/#website\",\"url\":\"https:\/\/swiss-peak.com\/de\/\",\"name\":\"Swiss Peak\",\"description\":\"Where will today take you?\",\"potentialAction\":[{\"@type\":\"SearchAction\",\"target\":{\"@type\":\"EntryPoint\",\"urlTemplate\":\"https:\/\/swiss-peak.com\/de\/?s={search_term_string}\"},\"query-input\":{\"@type\":\"PropertyValueSpecification\",\"valueRequired\":true,\"valueName\":\"search_term_string\"}}],\"inLanguage\":\"de\"}]}<\/script>\n<!-- \/ Yoast SEO plugin. -->","yoast_head_json":{"title":"14\" Laptoptasche aus GRS recyceltem PU, schwarz - Swiss Peak","robots":{"index":"index","follow":"follow","max-snippet":"max-snippet:-1","max-image-preview":"max-image-preview:large","max-video-preview":"max-video-preview:-1"},"canonical":"https:\/\/swiss-peak.com\/de\/produkt\/swiss-peak-14-laptoptasche-aus-grs-recyceltem-pu-schwarz\/","og_locale":"de_DE","og_type":"article","og_title":"14\" Laptoptasche aus GRS recyceltem PU, schwarz - Swiss Peak","og_description":"Die 14&#8243; Laptoptasche von Swiss Peak aus GRS recyceltem PU verbindet modernen Luxus mit einer glatten Oberfl\u00e4che in einem satten Schwarzton. Sie hat einen abnehmbaren Tragegurt sowie zwei Frontf\u00e4cher mit Rei\u00dfverschluss. Hergestellt aus 100% GRS-zertifiziertem PU. Die GRS-Zertifizierung gew\u00e4hrleistet eine vollst\u00e4ndig zertifizierte Lieferkette der recycelten Materialien. Gesamter Recyclinganteil: 61% basierend auf dem Gesamtgewicht des Artikels. [&hellip;]","og_url":"https:\/\/swiss-peak.com\/de\/produkt\/swiss-peak-14-laptoptasche-aus-grs-recyceltem-pu-schwarz\/","og_site_name":"Swiss Peak","article_modified_time":"2026-04-16T00:34:27+00:00","og_image":[{"width":1024,"height":1024,"url":"https:\/\/swiss-peak.com\/wp-content\/uploads\/sites\/9\/2026\/04\/P732.191__S_0__42aed658df134278848a21d1eda6caea.jpg","type":"image\/jpeg"}],"twitter_card":"summary_large_image","schema":{"@context":"https:\/\/schema.org","@graph":[{"@type":"WebPage","@id":"https:\/\/swiss-peak.com\/de\/produkt\/swiss-peak-14-laptoptasche-aus-grs-recyceltem-pu-schwarz\/","url":"https:\/\/swiss-peak.com\/de\/produkt\/swiss-peak-14-laptoptasche-aus-grs-recyceltem-pu-schwarz\/","name":"14\" Laptoptasche aus GRS recyceltem PU, schwarz - Swiss Peak","isPartOf":{"@id":"https:\/\/swiss-peak.com\/de\/#website"},"primaryImageOfPage":{"@id":"https:\/\/swiss-peak.com\/de\/produkt\/swiss-peak-14-laptoptasche-aus-grs-recyceltem-pu-schwarz\/#primaryimage"},"image":{"@id":"https:\/\/swiss-peak.com\/de\/produkt\/swiss-peak-14-laptoptasche-aus-grs-recyceltem-pu-schwarz\/#primaryimage"},"thumbnailUrl":"https:\/\/swiss-peak.com\/wp-content\/uploads\/sites\/9\/2026\/04\/P732.191__S_0__42aed658df134278848a21d1eda6caea.jpg","datePublished":"2023-03-14T09:55:43+00:00","dateModified":"2026-04-16T00:34:27+00:00","breadcrumb":{"@id":"https:\/\/swiss-peak.com\/de\/produkt\/swiss-peak-14-laptoptasche-aus-grs-recyceltem-pu-schwarz\/#breadcrumb"},"inLanguage":"de","potentialAction":[{"@type":"ReadAction","target":["https:\/\/swiss-peak.com\/de\/produkt\/swiss-peak-14-laptoptasche-aus-grs-recyceltem-pu-schwarz\/"]}]},{"@type":"ImageObject","inLanguage":"de","@id":"https:\/\/swiss-peak.com\/de\/produkt\/swiss-peak-14-laptoptasche-aus-grs-recyceltem-pu-schwarz\/#primaryimage","url":"https:\/\/swiss-peak.com\/wp-content\/uploads\/sites\/9\/2026\/04\/P732.191__S_0__42aed658df134278848a21d1eda6caea.jpg","contentUrl":"https:\/\/swiss-peak.com\/wp-content\/uploads\/sites\/9\/2026\/04\/P732.191__S_0__42aed658df134278848a21d1eda6caea.jpg","width":1024,"height":1024},{"@type":"BreadcrumbList","@id":"https:\/\/swiss-peak.com\/de\/produkt\/swiss-peak-14-laptoptasche-aus-grs-recyceltem-pu-schwarz\/#breadcrumb","itemListElement":[{"@type":"ListItem","position":1,"name":"Home","item":"https:\/\/swiss-peak.com\/de\/"},{"@type":"ListItem","position":2,"name":"Kollektion","item":"https:\/\/swiss-peak.com\/de\/kollektion\/"},{"@type":"ListItem","position":3,"name":"14&#8243; Laptoptasche aus GRS recyceltem PU, schwarz"}]},{"@type":"WebSite","@id":"https:\/\/swiss-peak.com\/de\/#website","url":"https:\/\/swiss-peak.com\/de\/","name":"Swiss Peak","description":"Where will today take you?","potentialAction":[{"@type":"SearchAction","target":{"@type":"EntryPoint","urlTemplate":"https:\/\/swiss-peak.com\/de\/?s={search_term_string}"},"query-input":{"@type":"PropertyValueSpecification","valueRequired":true,"valueName":"search_term_string"}}],"inLanguage":"de"}]}},"_links":{"self":[{"href":"https:\/\/swiss-peak.com\/de\/wp-json\/wp\/v2\/product\/15133","targetHints":{"allow":["GET"]}}],"collection":[{"href":"https:\/\/swiss-peak.com\/de\/wp-json\/wp\/v2\/product"}],"about":[{"href":"https:\/\/swiss-peak.com\/de\/wp-json\/wp\/v2\/types\/product"}],"wp:featuredmedia":[{"embeddable":true,"href":"https:\/\/swiss-peak.com\/de\/wp-json\/wp\/v2\/media\/46291"}],"wp:attachment":[{"href":"https:\/\/swiss-peak.com\/de\/wp-json\/wp\/v2\/media?parent=15133"}],"wp:term":[{"taxonomy":"product_cat","embeddable":true,"href":"https:\/\/swiss-peak.com\/de\/wp-json\/wp\/v2\/product_cat?post=15133"},{"taxonomy":"product_tag","embeddable":true,"href":"https:\/\/swiss-peak.com\/de\/wp-json\/wp\/v2\/product_tag?post=15133"}],"curies":[{"name":"wp","href":"https:\/\/api.w.org\/{rel}","templated":true}]}}

<p>Die 14&#8243; Laptoptasche von Swiss Peak aus GRS recyceltem PU verbindet modernen Luxus mit einer glatten Oberfläche in einem satten Schwarzton. Sie hat einen abnehmbaren Tragegurt sowie zwei Frontfächer mit Reißverschluss. Hergestellt aus 100% GRS-zertifiziertem PU. Die GRS-Zertifizierung gewährleistet eine vollständig zertifizierte Lieferkette der recycelten Materialien. Gesamter Recyclinganteil: 61% basierend auf dem Gesamtgewicht des Artikels. PVC frei.</p>

<p>Die 14&#8243; Laptoptasche von Swiss Peak aus GRS recyceltem PU verbindet modernen Luxus mit einer glatten Oberfläche in einem satten Schwarzton. Sie hat einen abnehmbaren Tragegurt sowie zwei Frontfächer mit Reißverschluss. Hergestellt aus 100% GRS-zertifiziertem PU. Die GRS-Zertifizierung gewährleistet eine vollständig zertifizierte Lieferkette der recycelten Materialien. Gesamter Recyclinganteil: 61% basierend auf dem Gesamtgewicht des Artikels. [&hellip;]</p>

<!-- This site is optimized with the Yoast SEO plugin v27.0 - https://yoast.com/product/yoast-seo-wordpress/ -->
<title>14&quot; Laptoptasche aus GRS recyceltem PU, schwarz - Swiss Peak</title>
<meta name="robots" content="index, follow, max-snippet:-1, max-image-preview:large, max-video-preview:-1" />
<link rel="canonical" href="https://swiss-peak.com/de/produkt/swiss-peak-14-laptoptasche-aus-grs-recyceltem-pu-schwarz/" />
<meta property="og:locale" content="de_DE" />
<meta property="og:type" content="article" />
<meta property="og:title" content="14&quot; Laptoptasche aus GRS recyceltem PU, schwarz - Swiss Peak" />
<meta property="og:description" content="Die 14&#8243; Laptoptasche von Swiss Peak aus GRS recyceltem PU verbindet modernen Luxus mit einer glatten Oberfläche in einem satten Schwarzton. Sie hat einen abnehmbaren Tragegurt sowie zwei Frontfächer mit Reißverschluss. Hergestellt aus 100% GRS-zertifiziertem PU. Die GRS-Zertifizierung gewährleistet eine vollständig zertifizierte Lieferkette der recycelten Materialien. Gesamter Recyclinganteil: 61% basierend auf dem Gesamtgewicht des Artikels. [&hellip;]" />
<meta property="og:url" content="https://swiss-peak.com/de/produkt/swiss-peak-14-laptoptasche-aus-grs-recyceltem-pu-schwarz/" />
<meta property="og:site_name" content="Swiss Peak" />
<meta property="article:modified_time" content="2026-04-16T00:34:27+00:00" />
<meta property="og:image" content="https://swiss-peak.com/wp-content/uploads/sites/9/2026/04/P732.191__S_0__42aed658df134278848a21d1eda6caea.jpg" />
	<meta property="og:image:width" content="1024" />
	<meta property="og:image:height" content="1024" />
	<meta property="og:image:type" content="image/jpeg" />
<meta name="twitter:card" content="summary_large_image" />
<script type="application/ld+json" class="yoast-schema-graph">{"@context":"https://schema.org","@graph":[{"@type":"WebPage","@id":"https://swiss-peak.com/de/produkt/swiss-peak-14-laptoptasche-aus-grs-recyceltem-pu-schwarz/","url":"https://swiss-peak.com/de/produkt/swiss-peak-14-laptoptasche-aus-grs-recyceltem-pu-schwarz/","name":"14\" Laptoptasche aus GRS recyceltem PU, schwarz - Swiss Peak","isPartOf":{"@id":"https://swiss-peak.com/de/#website"},"primaryImageOfPage":{"@id":"https://swiss-peak.com/de/produkt/swiss-peak-14-laptoptasche-aus-grs-recyceltem-pu-schwarz/#primaryimage"},"image":{"@id":"https://swiss-peak.com/de/produkt/swiss-peak-14-laptoptasche-aus-grs-recyceltem-pu-schwarz/#primaryimage"},"thumbnailUrl":"https://swiss-peak.com/wp-content/uploads/sites/9/2026/04/P732.191__S_0__42aed658df134278848a21d1eda6caea.jpg","datePublished":"2023-03-14T09:55:43+00:00","dateModified":"2026-04-16T00:34:27+00:00","breadcrumb":{"@id":"https://swiss-peak.com/de/produkt/swiss-peak-14-laptoptasche-aus-grs-recyceltem-pu-schwarz/#breadcrumb"},"inLanguage":"de","potentialAction":[{"@type":"ReadAction","target":["https://swiss-peak.com/de/produkt/swiss-peak-14-laptoptasche-aus-grs-recyceltem-pu-schwarz/"]}]},{"@type":"ImageObject","inLanguage":"de","@id":"https://swiss-peak.com/de/produkt/swiss-peak-14-laptoptasche-aus-grs-recyceltem-pu-schwarz/#primaryimage","url":"https://swiss-peak.com/wp-content/uploads/sites/9/2026/04/P732.191__S_0__42aed658df134278848a21d1eda6caea.jpg","contentUrl":"https://swiss-peak.com/wp-content/uploads/sites/9/2026/04/P732.191__S_0__42aed658df134278848a21d1eda6caea.jpg","width":1024,"height":1024},{"@type":"BreadcrumbList","@id":"https://swiss-peak.com/de/produkt/swiss-peak-14-laptoptasche-aus-grs-recyceltem-pu-schwarz/#breadcrumb","itemListElement":[{"@type":"ListItem","position":1,"name":"Home","item":"https://swiss-peak.com/de/"},{"@type":"ListItem","position":2,"name":"Kollektion","item":"https://swiss-peak.com/de/kollektion/"},{"@type":"ListItem","position":3,"name":"14&#8243; Laptoptasche aus GRS recyceltem PU, schwarz"}]},{"@type":"WebSite","@id":"https://swiss-peak.com/de/#website","url":"https://swiss-peak.com/de/","name":"Swiss Peak","description":"Where will today take you?","potentialAction":[{"@type":"SearchAction","target":{"@type":"EntryPoint","urlTemplate":"https://swiss-peak.com/de/?s={search_term_string}"},"query-input":{"@type":"PropertyValueSpecification","valueRequired":true,"valueName":"search_term_string"}}],"inLanguage":"de"}]}</script>
<!-- / Yoast SEO plugin. -->

Die 14&#8243; Laptoptasche von Swiss Peak aus GRS recyceltem PU verbindet modernen Luxus mit einer glatten Oberfläche in einem satten Schwarzton. Sie hat einen abnehmbaren Tragegurt sowie zwei Frontfächer mit Reißverschluss. Hergestellt aus 100% GRS-zertifiziertem PU. Die GRS-Zertifizierung gewährleistet eine vollständig zertifizierte Lieferkette der recycelten Materialien. Gesamter Recyclinganteil: 61% basierend auf dem Gesamtgewicht des Artikels. [&hellip;]
