{"id":15087,"date":"2023-03-14T11:54:50","date_gmt":"2023-03-14T09:54:50","guid":{"rendered":"https:\/\/xdsomename.tempurl.host\/swisspeak-website\/collection\/unkategorisiert\/kuehltasche-schwarz\/"},"modified":"2026-04-16T02:32:36","modified_gmt":"2026-04-16T00:32:36","slug":"kuehltasche-schwarz","status":"publish","type":"product","link":"https:\/\/swiss-peak.com\/de\/produkt\/kuehltasche-schwarz\/","title":{"rendered":"K\u00fchltasche, schwarz"},"content":{"rendered":"<p>K\u00fchltasche aus luxuri\u00f6sem 1680D und 600D Polyester mit extra gro\u00dfem Rei\u00dfverschluss. Das Hauptfach bietet Ihnen Platz f\u00fcr bis zu 20 Dosen. Die K\u00fchltasche verf\u00fcgt \u00fcber eine weitere Vordertasche um weiteren Stauraum f\u00fcr Ihre pers\u00f6nlichen Dinge zu bieten. Die Griffe der Tasche sind verst\u00e4rkt f\u00fcr extra Tragekomfort und besitzen einen verstellbaren Trageriemen.<\/p>\n","protected":false},"excerpt":{"rendered":"<p>K\u00fchltasche aus luxuri\u00f6sem 1680D und 600D Polyester mit extra gro\u00dfem Rei\u00dfverschluss. Das Hauptfach bietet Ihnen Platz f\u00fcr bis zu 20 Dosen. Die K\u00fchltasche verf\u00fcgt \u00fcber eine weitere Vordertasche um weiteren Stauraum f\u00fcr Ihre pers\u00f6nlichen Dinge zu bieten. Die Griffe der Tasche sind verst\u00e4rkt f\u00fcr extra Tragekomfort und besitzen einen verstellbaren Trageriemen.<\/p>\n","protected":false},"featured_media":46144,"template":"","meta":{"_acf_changed":false},"product_cat":[264,252],"product_tag":[],"class_list":["post-15087","product","type-product","status-publish","has-post-thumbnail","hentry","product_cat-kuhltaschen","product_cat-taschen-reise","pa_color-black-de","pa_color-grey-de"],"acf":[],"yoast_head":"<!-- This site is optimized with the Yoast SEO plugin v27.0 - https:\/\/yoast.com\/product\/yoast-seo-wordpress\/ -->\n<title>K\u00fchltasche, schwarz - Swiss Peak<\/title>\n<meta name=\"robots\" content=\"index, follow, max-snippet:-1, max-image-preview:large, max-video-preview:-1\" \/>\n<link rel=\"canonical\" href=\"https:\/\/swiss-peak.com\/de\/produkt\/kuehltasche-schwarz\/\" \/>\n<meta property=\"og:locale\" content=\"de_DE\" \/>\n<meta property=\"og:type\" content=\"article\" \/>\n<meta property=\"og:title\" content=\"K\u00fchltasche, schwarz - Swiss Peak\" \/>\n<meta property=\"og:description\" content=\"K\u00fchltasche aus luxuri\u00f6sem 1680D und 600D Polyester mit extra gro\u00dfem Rei\u00dfverschluss. Das Hauptfach bietet Ihnen Platz f\u00fcr bis zu 20 Dosen. Die K\u00fchltasche verf\u00fcgt \u00fcber eine weitere Vordertasche um weiteren Stauraum f\u00fcr Ihre pers\u00f6nlichen Dinge zu bieten. Die Griffe der Tasche sind verst\u00e4rkt f\u00fcr extra Tragekomfort und besitzen einen verstellbaren Trageriemen.\" \/>\n<meta property=\"og:url\" content=\"https:\/\/swiss-peak.com\/de\/produkt\/kuehltasche-schwarz\/\" \/>\n<meta property=\"og:site_name\" content=\"Swiss Peak\" \/>\n<meta property=\"article:modified_time\" content=\"2026-04-16T00:32:36+00:00\" \/>\n<meta property=\"og:image\" content=\"https:\/\/swiss-peak.com\/wp-content\/uploads\/sites\/9\/2026\/04\/P422.161__S_0__9685f9f2bb23454282cb5a8e4141264b.jpg\" \/>\n\t<meta property=\"og:image:width\" content=\"1024\" \/>\n\t<meta property=\"og:image:height\" content=\"1024\" \/>\n\t<meta property=\"og:image:type\" content=\"image\/jpeg\" \/>\n<meta name=\"twitter:card\" content=\"summary_large_image\" \/>\n<script type=\"application\/ld+json\" class=\"yoast-schema-graph\">{\"@context\":\"https:\/\/schema.org\",\"@graph\":[{\"@type\":\"WebPage\",\"@id\":\"https:\/\/swiss-peak.com\/de\/produkt\/kuehltasche-schwarz\/\",\"url\":\"https:\/\/swiss-peak.com\/de\/produkt\/kuehltasche-schwarz\/\",\"name\":\"K\u00fchltasche, schwarz - Swiss Peak\",\"isPartOf\":{\"@id\":\"https:\/\/swiss-peak.com\/de\/#website\"},\"primaryImageOfPage\":{\"@id\":\"https:\/\/swiss-peak.com\/de\/produkt\/kuehltasche-schwarz\/#primaryimage\"},\"image\":{\"@id\":\"https:\/\/swiss-peak.com\/de\/produkt\/kuehltasche-schwarz\/#primaryimage\"},\"thumbnailUrl\":\"https:\/\/swiss-peak.com\/wp-content\/uploads\/sites\/9\/2026\/04\/P422.161__S_0__9685f9f2bb23454282cb5a8e4141264b.jpg\",\"datePublished\":\"2023-03-14T09:54:50+00:00\",\"dateModified\":\"2026-04-16T00:32:36+00:00\",\"breadcrumb\":{\"@id\":\"https:\/\/swiss-peak.com\/de\/produkt\/kuehltasche-schwarz\/#breadcrumb\"},\"inLanguage\":\"de\",\"potentialAction\":[{\"@type\":\"ReadAction\",\"target\":[\"https:\/\/swiss-peak.com\/de\/produkt\/kuehltasche-schwarz\/\"]}]},{\"@type\":\"ImageObject\",\"inLanguage\":\"de\",\"@id\":\"https:\/\/swiss-peak.com\/de\/produkt\/kuehltasche-schwarz\/#primaryimage\",\"url\":\"https:\/\/swiss-peak.com\/wp-content\/uploads\/sites\/9\/2026\/04\/P422.161__S_0__9685f9f2bb23454282cb5a8e4141264b.jpg\",\"contentUrl\":\"https:\/\/swiss-peak.com\/wp-content\/uploads\/sites\/9\/2026\/04\/P422.161__S_0__9685f9f2bb23454282cb5a8e4141264b.jpg\",\"width\":1024,\"height\":1024},{\"@type\":\"BreadcrumbList\",\"@id\":\"https:\/\/swiss-peak.com\/de\/produkt\/kuehltasche-schwarz\/#breadcrumb\",\"itemListElement\":[{\"@type\":\"ListItem\",\"position\":1,\"name\":\"Home\",\"item\":\"https:\/\/swiss-peak.com\/de\/\"},{\"@type\":\"ListItem\",\"position\":2,\"name\":\"Kollektion\",\"item\":\"https:\/\/swiss-peak.com\/de\/kollektion\/\"},{\"@type\":\"ListItem\",\"position\":3,\"name\":\"K\u00fchltasche, schwarz\"}]},{\"@type\":\"WebSite\",\"@id\":\"https:\/\/swiss-peak.com\/de\/#website\",\"url\":\"https:\/\/swiss-peak.com\/de\/\",\"name\":\"Swiss Peak\",\"description\":\"Where will today take you?\",\"potentialAction\":[{\"@type\":\"SearchAction\",\"target\":{\"@type\":\"EntryPoint\",\"urlTemplate\":\"https:\/\/swiss-peak.com\/de\/?s={search_term_string}\"},\"query-input\":{\"@type\":\"PropertyValueSpecification\",\"valueRequired\":true,\"valueName\":\"search_term_string\"}}],\"inLanguage\":\"de\"}]}<\/script>\n<!-- \/ Yoast SEO plugin. -->","yoast_head_json":{"title":"K\u00fchltasche, schwarz - Swiss Peak","robots":{"index":"index","follow":"follow","max-snippet":"max-snippet:-1","max-image-preview":"max-image-preview:large","max-video-preview":"max-video-preview:-1"},"canonical":"https:\/\/swiss-peak.com\/de\/produkt\/kuehltasche-schwarz\/","og_locale":"de_DE","og_type":"article","og_title":"K\u00fchltasche, schwarz - Swiss Peak","og_description":"K\u00fchltasche aus luxuri\u00f6sem 1680D und 600D Polyester mit extra gro\u00dfem Rei\u00dfverschluss. Das Hauptfach bietet Ihnen Platz f\u00fcr bis zu 20 Dosen. Die K\u00fchltasche verf\u00fcgt \u00fcber eine weitere Vordertasche um weiteren Stauraum f\u00fcr Ihre pers\u00f6nlichen Dinge zu bieten. Die Griffe der Tasche sind verst\u00e4rkt f\u00fcr extra Tragekomfort und besitzen einen verstellbaren Trageriemen.","og_url":"https:\/\/swiss-peak.com\/de\/produkt\/kuehltasche-schwarz\/","og_site_name":"Swiss Peak","article_modified_time":"2026-04-16T00:32:36+00:00","og_image":[{"width":1024,"height":1024,"url":"https:\/\/swiss-peak.com\/wp-content\/uploads\/sites\/9\/2026\/04\/P422.161__S_0__9685f9f2bb23454282cb5a8e4141264b.jpg","type":"image\/jpeg"}],"twitter_card":"summary_large_image","schema":{"@context":"https:\/\/schema.org","@graph":[{"@type":"WebPage","@id":"https:\/\/swiss-peak.com\/de\/produkt\/kuehltasche-schwarz\/","url":"https:\/\/swiss-peak.com\/de\/produkt\/kuehltasche-schwarz\/","name":"K\u00fchltasche, schwarz - Swiss Peak","isPartOf":{"@id":"https:\/\/swiss-peak.com\/de\/#website"},"primaryImageOfPage":{"@id":"https:\/\/swiss-peak.com\/de\/produkt\/kuehltasche-schwarz\/#primaryimage"},"image":{"@id":"https:\/\/swiss-peak.com\/de\/produkt\/kuehltasche-schwarz\/#primaryimage"},"thumbnailUrl":"https:\/\/swiss-peak.com\/wp-content\/uploads\/sites\/9\/2026\/04\/P422.161__S_0__9685f9f2bb23454282cb5a8e4141264b.jpg","datePublished":"2023-03-14T09:54:50+00:00","dateModified":"2026-04-16T00:32:36+00:00","breadcrumb":{"@id":"https:\/\/swiss-peak.com\/de\/produkt\/kuehltasche-schwarz\/#breadcrumb"},"inLanguage":"de","potentialAction":[{"@type":"ReadAction","target":["https:\/\/swiss-peak.com\/de\/produkt\/kuehltasche-schwarz\/"]}]},{"@type":"ImageObject","inLanguage":"de","@id":"https:\/\/swiss-peak.com\/de\/produkt\/kuehltasche-schwarz\/#primaryimage","url":"https:\/\/swiss-peak.com\/wp-content\/uploads\/sites\/9\/2026\/04\/P422.161__S_0__9685f9f2bb23454282cb5a8e4141264b.jpg","contentUrl":"https:\/\/swiss-peak.com\/wp-content\/uploads\/sites\/9\/2026\/04\/P422.161__S_0__9685f9f2bb23454282cb5a8e4141264b.jpg","width":1024,"height":1024},{"@type":"BreadcrumbList","@id":"https:\/\/swiss-peak.com\/de\/produkt\/kuehltasche-schwarz\/#breadcrumb","itemListElement":[{"@type":"ListItem","position":1,"name":"Home","item":"https:\/\/swiss-peak.com\/de\/"},{"@type":"ListItem","position":2,"name":"Kollektion","item":"https:\/\/swiss-peak.com\/de\/kollektion\/"},{"@type":"ListItem","position":3,"name":"K\u00fchltasche, schwarz"}]},{"@type":"WebSite","@id":"https:\/\/swiss-peak.com\/de\/#website","url":"https:\/\/swiss-peak.com\/de\/","name":"Swiss Peak","description":"Where will today take you?","potentialAction":[{"@type":"SearchAction","target":{"@type":"EntryPoint","urlTemplate":"https:\/\/swiss-peak.com\/de\/?s={search_term_string}"},"query-input":{"@type":"PropertyValueSpecification","valueRequired":true,"valueName":"search_term_string"}}],"inLanguage":"de"}]}},"_links":{"self":[{"href":"https:\/\/swiss-peak.com\/de\/wp-json\/wp\/v2\/product\/15087","targetHints":{"allow":["GET"]}}],"collection":[{"href":"https:\/\/swiss-peak.com\/de\/wp-json\/wp\/v2\/product"}],"about":[{"href":"https:\/\/swiss-peak.com\/de\/wp-json\/wp\/v2\/types\/product"}],"wp:featuredmedia":[{"embeddable":true,"href":"https:\/\/swiss-peak.com\/de\/wp-json\/wp\/v2\/media\/46144"}],"wp:attachment":[{"href":"https:\/\/swiss-peak.com\/de\/wp-json\/wp\/v2\/media?parent=15087"}],"wp:term":[{"taxonomy":"product_cat","embeddable":true,"href":"https:\/\/swiss-peak.com\/de\/wp-json\/wp\/v2\/product_cat?post=15087"},{"taxonomy":"product_tag","embeddable":true,"href":"https:\/\/swiss-peak.com\/de\/wp-json\/wp\/v2\/product_tag?post=15087"}],"curies":[{"name":"wp","href":"https:\/\/api.w.org\/{rel}","templated":true}]}}

Kühltasche, schwarz

<p>Kühltasche aus luxuriösem 1680D und 600D Polyester mit extra großem Reißverschluss. Das Hauptfach bietet Ihnen Platz für bis zu 20 Dosen. Die Kühltasche verfügt über eine weitere Vordertasche um weiteren Stauraum für Ihre persönlichen Dinge zu bieten. Die Griffe der Tasche sind verstärkt für extra Tragekomfort und besitzen einen verstellbaren Trageriemen.</p>

<!-- This site is optimized with the Yoast SEO plugin v27.0 - https://yoast.com/product/yoast-seo-wordpress/ -->
<title>Kühltasche, schwarz - Swiss Peak</title>
<meta name="robots" content="index, follow, max-snippet:-1, max-image-preview:large, max-video-preview:-1" />
<link rel="canonical" href="https://swiss-peak.com/de/produkt/kuehltasche-schwarz/" />
<meta property="og:locale" content="de_DE" />
<meta property="og:type" content="article" />
<meta property="og:title" content="Kühltasche, schwarz - Swiss Peak" />
<meta property="og:description" content="Kühltasche aus luxuriösem 1680D und 600D Polyester mit extra großem Reißverschluss. Das Hauptfach bietet Ihnen Platz für bis zu 20 Dosen. Die Kühltasche verfügt über eine weitere Vordertasche um weiteren Stauraum für Ihre persönlichen Dinge zu bieten. Die Griffe der Tasche sind verstärkt für extra Tragekomfort und besitzen einen verstellbaren Trageriemen." />
<meta property="og:url" content="https://swiss-peak.com/de/produkt/kuehltasche-schwarz/" />
<meta property="og:site_name" content="Swiss Peak" />
<meta property="article:modified_time" content="2026-04-16T00:32:36+00:00" />
<meta property="og:image" content="https://swiss-peak.com/wp-content/uploads/sites/9/2026/04/P422.161__S_0__9685f9f2bb23454282cb5a8e4141264b.jpg" />
	<meta property="og:image:width" content="1024" />
	<meta property="og:image:height" content="1024" />
	<meta property="og:image:type" content="image/jpeg" />
<meta name="twitter:card" content="summary_large_image" />
<script type="application/ld+json" class="yoast-schema-graph">{"@context":"https://schema.org","@graph":[{"@type":"WebPage","@id":"https://swiss-peak.com/de/produkt/kuehltasche-schwarz/","url":"https://swiss-peak.com/de/produkt/kuehltasche-schwarz/","name":"Kühltasche, schwarz - Swiss Peak","isPartOf":{"@id":"https://swiss-peak.com/de/#website"},"primaryImageOfPage":{"@id":"https://swiss-peak.com/de/produkt/kuehltasche-schwarz/#primaryimage"},"image":{"@id":"https://swiss-peak.com/de/produkt/kuehltasche-schwarz/#primaryimage"},"thumbnailUrl":"https://swiss-peak.com/wp-content/uploads/sites/9/2026/04/P422.161__S_0__9685f9f2bb23454282cb5a8e4141264b.jpg","datePublished":"2023-03-14T09:54:50+00:00","dateModified":"2026-04-16T00:32:36+00:00","breadcrumb":{"@id":"https://swiss-peak.com/de/produkt/kuehltasche-schwarz/#breadcrumb"},"inLanguage":"de","potentialAction":[{"@type":"ReadAction","target":["https://swiss-peak.com/de/produkt/kuehltasche-schwarz/"]}]},{"@type":"ImageObject","inLanguage":"de","@id":"https://swiss-peak.com/de/produkt/kuehltasche-schwarz/#primaryimage","url":"https://swiss-peak.com/wp-content/uploads/sites/9/2026/04/P422.161__S_0__9685f9f2bb23454282cb5a8e4141264b.jpg","contentUrl":"https://swiss-peak.com/wp-content/uploads/sites/9/2026/04/P422.161__S_0__9685f9f2bb23454282cb5a8e4141264b.jpg","width":1024,"height":1024},{"@type":"BreadcrumbList","@id":"https://swiss-peak.com/de/produkt/kuehltasche-schwarz/#breadcrumb","itemListElement":[{"@type":"ListItem","position":1,"name":"Home","item":"https://swiss-peak.com/de/"},{"@type":"ListItem","position":2,"name":"Kollektion","item":"https://swiss-peak.com/de/kollektion/"},{"@type":"ListItem","position":3,"name":"Kühltasche, schwarz"}]},{"@type":"WebSite","@id":"https://swiss-peak.com/de/#website","url":"https://swiss-peak.com/de/","name":"Swiss Peak","description":"Where will today take you?","potentialAction":[{"@type":"SearchAction","target":{"@type":"EntryPoint","urlTemplate":"https://swiss-peak.com/de/?s={search_term_string}"},"query-input":{"@type":"PropertyValueSpecification","valueRequired":true,"valueName":"search_term_string"}}],"inLanguage":"de"}]}</script>
<!-- / Yoast SEO plugin. -->

Kühltasche, schwarz - Swiss Peak

Kühltasche aus luxuriösem 1680D und 600D Polyester mit extra großem Reißverschluss. Das Hauptfach bietet Ihnen Platz für bis zu 20 Dosen. Die Kühltasche verfügt über eine weitere Vordertasche um weiteren Stauraum für Ihre persönlichen Dinge zu bieten. Die Griffe der Tasche sind verstärkt für extra Tragekomfort und besitzen einen verstellbaren Trageriemen.
